CRAN Package Check Results for Package macroBiome

Last updated on 2024-06-21 00:57:15 CEST.

Flavor Version Tinstall Tcheck Ttotal Status Flags
r-devel-linux-x86_64-debian-clang 0.4.0 38.42 398.07 436.49 NOTE
r-devel-linux-x86_64-debian-gcc 0.4.0 31.54 277.08 308.62 NOTE
r-devel-linux-x86_64-fedora-clang 0.4.0 531.25 NOTE
r-devel-linux-x86_64-fedora-gcc 0.4.0 503.49 NOTE
r-devel-windows-x86_64 0.4.0 34.00 236.00 270.00 NOTE
r-patched-linux-x86_64 0.4.0 29.46 366.41 395.87 NOTE
r-release-linux-x86_64 0.4.0 28.10 370.11 398.21 NOTE
r-release-macos-arm64 0.4.0 111.00 NOTE
r-release-macos-x86_64 0.4.0 210.00 NOTE
r-release-windows-x86_64 0.4.0 35.00 239.00 274.00 NOTE
r-oldrel-macos-arm64 0.4.0 115.00 NOTE
r-oldrel-macos-x86_64 0.4.0 282.00 NOTE
r-oldrel-windows-x86_64 0.4.0 49.00 318.00 367.00 NOTE

Check Details

Version: 0.4.0
Check: package dependencies
Result: NOTE Package suggested but not available for checking: ‘rnaturalearthhires’ Flavors: r-devel-linux-x86_64-debian-clang, r-devel-linux-x86_64-debian-gcc, r-devel-linux-x86_64-fedora-clang, r-devel-linux-x86_64-fedora-gcc, r-devel-windows-x86_64, r-patched-linux-x86_64, r-release-linux-x86_64, r-release-macos-arm64, r-release-macos-x86_64, r-release-windows-x86_64, r-oldrel-macos-arm64, r-oldrel-macos-x86_64, r-oldrel-windows-x86_64