Last updated on 2024-04-25 16:49:25 CEST.
Flavor | Version | Tinstall | Tcheck | Ttotal | Status | Flags |
---|---|---|---|---|---|---|
r-devel-linux-x86_64-debian-clang | 0.4.0 | 34.18 | 396.18 | 430.36 | NOTE | |
r-devel-linux-x86_64-debian-gcc | 0.4.0 | 31.67 | 274.09 | 305.76 | NOTE | |
r-devel-linux-x86_64-fedora-clang | 0.4.0 | 524.79 | NOTE | |||
r-devel-linux-x86_64-fedora-gcc | 0.4.0 | 499.75 | NOTE | |||
r-devel-windows-x86_64 | 0.4.0 | 34.00 | 239.00 | 273.00 | NOTE | |
r-patched-linux-x86_64 | 0.4.0 | 29.48 | 339.19 | 368.67 | NOTE | |
r-release-linux-x86_64 | 0.4.0 | 27.10 | 364.27 | 391.37 | NOTE | |
r-release-macos-arm64 | 0.4.0 | 111.00 | NOTE | |||
r-release-windows-x86_64 | 0.4.0 | 33.00 | 233.00 | 266.00 | NOTE | |
r-oldrel-macos-arm64 | 0.4.0 | 115.00 | NOTE | |||
r-oldrel-macos-x86_64 | 0.4.0 | 282.00 | NOTE | |||
r-oldrel-windows-x86_64 | 0.4.0 | 48.00 | 311.00 | 359.00 | NOTE |
Version: 0.4.0
Check: package dependencies
Result: NOTE
Package suggested but not available for checking: ‘rnaturalearthhires’
Flavors: r-devel-linux-x86_64-debian-clang, r-devel-linux-x86_64-debian-gcc, r-devel-linux-x86_64-fedora-clang, r-devel-linux-x86_64-fedora-gcc, r-devel-windows-x86_64, r-patched-linux-x86_64, r-release-linux-x86_64, r-release-macos-arm64, r-release-windows-x86_64, r-oldrel-macos-arm64, r-oldrel-macos-x86_64, r-oldrel-windows-x86_64