CRAN Package Check Results for Package madrat

Last updated on 2021-10-22 00:50:31 CEST.

Flavor Version Tinstall Tcheck Ttotal Status Flags
r-devel-linux-x86_64-debian-clang 2.3.2 12.44 139.47 151.91 OK
r-devel-linux-x86_64-debian-gcc 2.3.2 10.12 105.85 115.97 OK
r-devel-linux-x86_64-fedora-clang 2.3.2 187.14 OK
r-devel-linux-x86_64-fedora-gcc 2.3.2 186.26 OK
r-devel-windows-x86_64 2.3.2 20.00 215.00 235.00 ERROR
r-devel-windows-x86_64-gcc10-UCRT 2.3.2 ERROR
r-patched-linux-x86_64 2.3.2 13.68 116.06 129.74 OK
r-patched-solaris-x86 2.3.2 212.60 OK
r-release-linux-x86_64 2.3.2 9.46 116.83 126.29 OK
r-release-macos-arm64 2.3.1 OK
r-release-macos-x86_64 2.3.2 OK
r-release-windows-ix86+x86_64 2.3.2 26.00 155.00 181.00 ERROR
r-oldrel-macos-x86_64 2.3.2 OK
r-oldrel-windows-ix86+x86_64 2.3.2 21.00 112.00 133.00 ERROR

Check Details

Version: 2.3.2
Check: tests
Result: ERROR
     Running 'testthat.R' [19s]
    Running the tests in 'tests/testthat.R' failed.
    Complete output:
     > library(testthat)
     > library(madrat)
     Loading required package: magclass
     >
     > test_check("madrat")
     == Skipped tests ===============================================================
     * On CRAN (5)
     * reshape2 cannot be loaded (1)
    
     == Failed tests ================================================================
     -- Failure (test-config.R:3:3): cache folder can be set properly ---------------
     getwd() not identical to getConfig("cachefolder").
     1/1 mismatches
     x[1]: "d:/Rcompile/CRANpkg/local/4.2/madrat.Rcheck/tests/testthat"
     y[1]: "d:/RCompile/CRANpkg/local/4.2/madrat.Rcheck/tests/testthat"
    
     [ FAIL 1 | WARN 0 | SKIP 6 | PASS 390 ]
     Error: Test failures
     Execution halted
Flavor: r-devel-windows-x86_64

Version: 2.3.2
Check: package dependencies
Result: ERROR
    Package required but not available: 'igraph'
    
    See section 'The DESCRIPTION file' in the 'Writing R Extensions'
    manual.
Flavor: r-devel-windows-x86_64-gcc10-UCRT

Version: 2.3.2
Check: tests
Result: ERROR
     Running 'testthat.R' [20s]
    Running the tests in 'tests/testthat.R' failed.
    Complete output:
     > library(testthat)
     > library(madrat)
     Loading required package: magclass
     >
     > test_check("madrat")
     == Skipped tests ===============================================================
     * On CRAN (5)
     * reshape2 cannot be loaded (1)
    
     == Failed tests ================================================================
     -- Failure (test-config.R:3:3): cache folder can be set properly ---------------
     getwd() not identical to getConfig("cachefolder").
     1/1 mismatches
     x[1]: "d:/Rcompile/CRANpkg/local/4.1/madrat.Rcheck/tests/testthat"
     y[1]: "d:/RCompile/CRANpkg/local/4.1/madrat.Rcheck/tests/testthat"
    
     [ FAIL 1 | WARN 0 | SKIP 6 | PASS 390 ]
     Error: Test failures
     Execution halted
Flavor: r-release-windows-ix86+x86_64

Version: 2.3.2
Check: tests
Result: ERROR
     Running 'testthat.R' [13s]
    Running the tests in 'tests/testthat.R' failed.
    Complete output:
     > library(testthat)
     > library(madrat)
     Loading required package: magclass
     >
     > test_check("madrat")
     == Skipped tests ===============================================================
     * On CRAN (5)
     * reshape2 cannot be loaded (1)
    
     == Failed tests ================================================================
     -- Failure (test-config.R:3:3): cache folder can be set properly ---------------
     getwd() not identical to getConfig("cachefolder").
     1/1 mismatches
     x[1]: "d:/Rcompile/CRANpkg/local/4.0/madrat.Rcheck/tests/testthat"
     y[1]: "d:/RCompile/CRANpkg/local/4.0/madrat.Rcheck/tests/testthat"
    
     [ FAIL 1 | WARN 0 | SKIP 6 | PASS 390 ]
     Error: Test failures
     Execution halted
Flavor: r-oldrel-windows-ix86+x86_64