Last updated on 2023-05-28 22:00:15 CEST.
Flavor | Version | Tinstall | Tcheck | Ttotal | Status | Flags |
---|---|---|---|---|---|---|
r-devel-linux-x86_64-debian-clang | 6.8.3 | 12.30 | 147.86 | 160.16 | NOTE | |
r-devel-linux-x86_64-debian-gcc | 6.8.3 | 9.09 | 108.94 | 118.03 | NOTE | |
r-devel-linux-x86_64-fedora-clang | 6.8.3 | 192.67 | NOTE | |||
r-devel-linux-x86_64-fedora-gcc | 6.8.3 | 191.44 | NOTE | |||
r-devel-windows-x86_64 | 6.8.3 | 9.00 | 136.00 | 145.00 | NOTE | |
r-patched-linux-x86_64 | 6.8.3 | 11.70 | 137.22 | 148.92 | NOTE | |
r-release-linux-x86_64 | 6.8.3 | 9.20 | 134.68 | 143.88 | NOTE | |
r-release-macos-arm64 | 6.8.3 | 62.00 | NOTE | |||
r-release-macos-x86_64 | 6.8.3 | 111.00 | NOTE | |||
r-release-windows-x86_64 | 6.8.3 | 9.00 | 162.00 | 171.00 | NOTE | |
r-oldrel-macos-arm64 | 6.8.3 | 54.00 | NOTE | |||
r-oldrel-macos-x86_64 | 6.8.3 | 72.00 | NOTE | |||
r-oldrel-windows-x86_64 | 6.8.3 | 14.00 | 156.00 | 170.00 | NOTE |
Version: 6.8.3
Check: package dependencies
Result: NOTE
Packages suggested but not available for checking: 'lpjmlkit', 'quitte'
Flavors: r-devel-linux-x86_64-debian-clang, r-devel-linux-x86_64-debian-gcc, r-devel-linux-x86_64-fedora-clang, r-devel-linux-x86_64-fedora-gcc, r-patched-linux-x86_64, r-release-linux-x86_64
Version: 6.8.3
Check: Rd cross-references
Result: NOTE
Undeclared packages ‘rlang’, ‘vctrs’ in Rd xrefs
Flavor: r-devel-linux-x86_64-fedora-clang
Version: 6.8.3
Check: package dependencies
Result: NOTE
Package suggested but not available for checking: 'quitte'
Flavors: r-devel-windows-x86_64, r-release-macos-arm64, r-release-macos-x86_64, r-release-windows-x86_64, r-oldrel-macos-arm64, r-oldrel-macos-x86_64, r-oldrel-windows-x86_64