Last updated on 2024-04-19 01:04:40 CEST.
Flavor | Version | Tinstall | Tcheck | Ttotal | Status | Flags |
---|---|---|---|---|---|---|
r-devel-linux-x86_64-debian-clang | 2.8.3 | 158.94 | 143.42 | 302.36 | OK | |
r-devel-linux-x86_64-debian-gcc | 2.8.3 | 123.17 | 107.95 | 231.12 | OK | |
r-devel-linux-x86_64-fedora-clang | 2.8.3 | 523.46 | NOTE | |||
r-devel-linux-x86_64-fedora-gcc | 2.8.3 | 459.28 | OK | |||
r-prerel-macos-arm64 | 2.8.3 | 109.00 | NOTE | |||
r-prerel-macos-x86_64 | 2.8.3 | 278.00 | NOTE | |||
r-prerel-windows-x86_64 | 2.8.3 | 157.00 | 449.00 | 606.00 | NOTE | |
r-patched-linux-x86_64 | 2.8.3 | 156.80 | 144.74 | 301.54 | OK | |
r-release-linux-x86_64 | 2.8.3 | 163.53 | 144.72 | 308.25 | OK | |
r-release-macos-arm64 | 2.8.3 | 157.00 | NOTE | |||
r-release-macos-x86_64 | 2.8.3 | 289.00 | NOTE | |||
r-release-windows-x86_64 | 2.8.3 | 176.00 | 539.00 | 715.00 | NOTE | |
r-oldrel-macos-arm64 | 2.8.3 | 142.00 | NOTE | |||
r-oldrel-windows-x86_64 | 2.8.3 | 195.00 | 356.00 | 551.00 | NOTE |
Version: 2.8.3
Check: package dependencies
Result: NOTE
Package suggested but not available for checking: ‘tesseract’
Flavor: r-devel-linux-x86_64-fedora-clang
Version: 2.8.3
Check: installed package size
Result: NOTE
installed size is 7.4Mb
sub-directories of 1Mb or more:
doc 6.3Mb
Flavors: r-devel-linux-x86_64-fedora-clang, r-prerel-macos-arm64, r-prerel-macos-x86_64, r-prerel-windows-x86_64, r-release-macos-arm64, r-release-macos-x86_64, r-release-windows-x86_64, r-oldrel-macos-arm64, r-oldrel-windows-x86_64