CRAN Package Check Results for Package mailmerge

Last updated on 2021-09-23 08:51:06 CEST.

Flavor Version Tinstall Tcheck Ttotal Status Flags
r-devel-linux-x86_64-debian-clang 0.2.2 6.46 63.19 69.65 OK
r-devel-linux-x86_64-debian-gcc 0.2.2 5.25 48.73 53.98 OK
r-devel-linux-x86_64-fedora-clang 0.2.2 92.61 NOTE
r-devel-linux-x86_64-fedora-gcc 0.2.2 79.64 NOTE
r-devel-windows-x86_64 0.2.1 8.00 77.00 85.00 OK
r-devel-windows-x86_64-gcc10-UCRT 0.2.2 ERROR
r-patched-linux-x86_64 0.2.1 6.62 59.21 65.83 OK
r-patched-solaris-x86 0.2.2 111.60 NOTE
r-release-linux-x86_64 0.2.2 4.74 61.23 65.97 OK
r-release-macos-arm64 0.2.1 NOTE
r-release-macos-x86_64 0.2.2 NOTE
r-release-windows-ix86+x86_64 0.2.1 17.00 73.00 90.00 OK
r-oldrel-macos-x86_64 0.2.2 NOTE
r-oldrel-windows-ix86+x86_64 0.2.1 13.00 71.00 84.00 OK

Check Details

Version: 0.2.2
Check: dependencies in R code
Result: NOTE
    Namespaces in Imports field not imported from:
     ‘dplyr’ ‘googlesheets4’ ‘lifecycle’ ‘withr’
     All declared Imports should be used.
Flavors: r-devel-linux-x86_64-fedora-clang, r-devel-linux-x86_64-fedora-gcc, r-devel-windows-x86_64-gcc10-UCRT, r-patched-solaris-x86, r-release-macos-x86_64, r-oldrel-macos-x86_64

Version: 0.2.2
Check: package dependencies
Result: NOTE
    Package suggested but not available for checking: 'spelling'
Flavor: r-devel-windows-x86_64-gcc10-UCRT

Version: 0.2.2
Check: PDF version of manual
Result: WARN
    LaTeX errors when creating PDF version.
    This typically indicates Rd problems.
Flavor: r-devel-windows-x86_64-gcc10-UCRT

Version: 0.2.2
Check: PDF version of manual without hyperrefs or index
Result: ERROR
    Re-running with no redirection of stdout/stderr.
Flavor: r-devel-windows-x86_64-gcc10-UCRT

Version: 0.2.1
Check: dependencies in R code
Result: NOTE
    Namespaces in Imports field not imported from:
     ‘dplyr’ ‘googlesheets4’ ‘lifecycle’ ‘withr’
     All declared Imports should be used.
Flavor: r-release-macos-arm64