CRAN Package Check Results for Package mailtoR

Last updated on 2021-10-27 00:51:09 CEST.

Flavor Version Tinstall Tcheck Ttotal Status Flags
r-devel-linux-x86_64-debian-clang 0.1.0 1.78 18.86 20.64 NOTE
r-devel-linux-x86_64-debian-gcc 0.1.0 1.58 15.17 16.75 NOTE
r-devel-linux-x86_64-fedora-clang 0.1.0 36.52 NOTE
r-devel-linux-x86_64-fedora-gcc 0.1.0 25.54 NOTE
r-devel-windows-x86_64 0.1.0 3.00 35.00 38.00 NOTE
r-devel-windows-x86_64-gcc10-UCRT 0.1.0 NOTE
r-patched-linux-x86_64 0.1.0 1.90 18.35 20.25 NOTE
r-patched-solaris-x86 0.1.0 41.60 NOTE
r-release-linux-x86_64 0.1.0 1.83 18.55 20.38 NOTE
r-release-macos-arm64 0.1.0 NOTE
r-release-macos-x86_64 0.1.0 NOTE
r-release-windows-ix86+x86_64 0.1.0 4.00 34.00 38.00 NOTE
r-oldrel-macos-x86_64 0.1.0 OK
r-oldrel-windows-ix86+x86_64 0.1.0 7.00 36.00 43.00 OK

Check Details

Version: 0.1.0
Check: LazyData
Result: NOTE
     'LazyData' is specified without a 'data' directory
Flavors: r-devel-linux-x86_64-debian-clang, r-devel-linux-x86_64-debian-gcc, r-devel-linux-x86_64-fedora-clang, r-devel-linux-x86_64-fedora-gcc, r-devel-windows-x86_64, r-devel-windows-x86_64-gcc10-UCRT, r-patched-linux-x86_64, r-patched-solaris-x86, r-release-linux-x86_64, r-release-macos-arm64, r-release-macos-x86_64, r-release-windows-ix86+x86_64