Last updated on 2024-04-26 00:56:25 CEST.
Flavor | Version | Tinstall | Tcheck | Ttotal | Status | Flags |
---|---|---|---|---|---|---|
r-devel-linux-x86_64-debian-clang | 1.2.1 | 15.27 | 189.70 | 204.97 | NOTE | |
r-devel-linux-x86_64-debian-gcc | 1.2.1 | 13.89 | 138.06 | 151.95 | NOTE | |
r-devel-linux-x86_64-fedora-clang | 1.2.1 | 258.09 | OK | |||
r-devel-linux-x86_64-fedora-gcc | 1.2.1 | 262.22 | OK | |||
r-devel-windows-x86_64 | 1.2.1 | 19.00 | 142.00 | 161.00 | OK | |
r-patched-linux-x86_64 | 1.2.1 | 19.43 | 175.55 | 194.98 | NOTE | |
r-release-linux-x86_64 | 1.2.1 | 20.58 | 183.21 | 203.79 | NOTE | |
r-release-macos-arm64 | 1.2.1 | 83.00 | NOTE | |||
r-release-macos-x86_64 | 1.2.1 | 261.00 | NOTE | |||
r-release-windows-x86_64 | 1.2.1 | 17.00 | 145.00 | 162.00 | OK | |
r-oldrel-macos-arm64 | 1.2.1 | 88.00 | NOTE | |||
r-oldrel-macos-x86_64 | 1.2.1 | 155.00 | NOTE | |||
r-oldrel-windows-x86_64 | 1.2.1 | 24.00 | 181.00 | 205.00 | NOTE |
Version: 1.2.1
Check: package dependencies
Result: NOTE
Package suggested but not available for checking: ‘INLA’
Flavors: r-devel-linux-x86_64-debian-clang, r-devel-linux-x86_64-debian-gcc, r-patched-linux-x86_64, r-release-linux-x86_64, r-release-macos-arm64, r-release-macos-x86_64, r-oldrel-macos-arm64, r-oldrel-macos-x86_64, r-oldrel-windows-x86_64
Version: 1.2.1
Check: Rd cross-references
Result: NOTE
Package unavailable to check Rd xrefs: ‘INLA’
Flavors: r-devel-linux-x86_64-debian-clang, r-devel-linux-x86_64-debian-gcc, r-patched-linux-x86_64, r-release-linux-x86_64, r-release-macos-arm64, r-release-macos-x86_64, r-oldrel-macos-arm64, r-oldrel-macos-x86_64, r-oldrel-windows-x86_64