Last updated on 2024-04-25 00:56:03 CEST.
Flavor | Version | Tinstall | Tcheck | Ttotal | Status | Flags |
---|---|---|---|---|---|---|
r-devel-linux-x86_64-debian-clang | 1.3.0 | 4.93 | 77.52 | 82.45 | OK | |
r-devel-linux-x86_64-debian-gcc | 1.3.0 | 3.98 | 58.09 | 62.07 | OK | |
r-devel-linux-x86_64-fedora-clang | 1.3.0 | 103.94 | NOTE | |||
r-devel-linux-x86_64-fedora-gcc | 1.3.0 | 115.39 | OK | |||
r-devel-windows-x86_64 | 1.3.0 | 5.00 | 76.00 | 81.00 | OK | |
r-patched-linux-x86_64 | 1.3.0 | 4.12 | 77.26 | 81.38 | OK | |
r-release-linux-x86_64 | 1.3.0 | 5.34 | 72.61 | 77.95 | OK | |
r-release-macos-arm64 | 1.3.0 | 40.00 | OK | |||
r-release-windows-x86_64 | 1.3.0 | 6.00 | 73.00 | 79.00 | OK | |
r-oldrel-macos-arm64 | 1.3.0 | 41.00 | OK | |||
r-oldrel-macos-x86_64 | 1.3.0 | 55.00 | OK | |||
r-oldrel-windows-x86_64 | 1.3.0 | 5.00 | 81.00 | 86.00 | OK |
Version: 1.3.0
Check: Rd cross-references
Result: NOTE
Undeclared package ‘tibble’ in Rd xrefs
Flavor: r-devel-linux-x86_64-fedora-clang