Last updated on 2024-03-28 23:55:11 CET.
Flavor | Version | Tinstall | Tcheck | Ttotal | Status | Flags |
---|---|---|---|---|---|---|
r-devel-linux-x86_64-debian-clang | 0.1.5 | 2.06 | 20.74 | 22.80 | NOTE | |
r-devel-linux-x86_64-debian-gcc | 0.1.5 | 1.67 | 16.54 | 18.21 | NOTE | |
r-devel-linux-x86_64-fedora-clang | 0.1.5 | 28.98 | NOTE | |||
r-devel-linux-x86_64-fedora-gcc | 0.1.5 | 28.39 | NOTE | |||
r-devel-windows-x86_64 | 0.1.5 | 3.00 | 38.00 | 41.00 | NOTE | |
r-patched-linux-x86_64 | 0.1.5 | 2.12 | 20.21 | 22.33 | NOTE | |
r-release-linux-x86_64 | 0.1.5 | 2.11 | 20.69 | 22.80 | OK | |
r-release-macos-arm64 | 0.1.5 | 15.00 | OK | |||
r-release-macos-x86_64 | 0.1.5 | 18.00 | OK | |||
r-release-windows-x86_64 | 0.1.5 | 3.00 | 38.00 | 41.00 | OK | |
r-oldrel-macos-arm64 | 0.1.5 | 15.00 | OK | |||
r-oldrel-windows-x86_64 | 0.1.5 | 4.00 | 41.00 | 45.00 | OK |
Version: 0.1.5
Check: Rd files
Result: NOTE
checkRd: (-1) create_terminal_dir.Rd:11: Lost braces; missing escapes or markup?
11 | the following child folders: {repo_base}/bin/ and {repo_base}/src/. A
| ^
checkRd: (-1) create_terminal_dir.Rd:11: Lost braces; missing escapes or markup?
11 | the following child folders: {repo_base}/bin/ and {repo_base}/src/. A
| ^
checkRd: (-1) full_repo_dir.Rd:11: Lost braces; missing escapes or markup?
11 | the following child folders: {repo_base}/bin/ and {repo_base}/src/. A
| ^
checkRd: (-1) full_repo_dir.Rd:11: Lost braces; missing escapes or markup?
11 | the following child folders: {repo_base}/bin/ and {repo_base}/src/. A
| ^
Flavors: r-devel-linux-x86_64-debian-clang, r-devel-linux-x86_64-debian-gcc, r-devel-linux-x86_64-fedora-clang, r-devel-linux-x86_64-fedora-gcc, r-devel-windows-x86_64, r-patched-linux-x86_64