Last updated on 2024-03-28 15:49:52 CET.
Flavor | Version | Tinstall | Tcheck | Ttotal | Status | Flags |
---|---|---|---|---|---|---|
r-devel-linux-x86_64-debian-clang | 2.0 | 18.59 | 344.52 | 363.11 | OK | |
r-devel-linux-x86_64-debian-gcc | 2.0 | 16.19 | 242.35 | 258.54 | OK | |
r-devel-linux-x86_64-fedora-clang | 2.0 | 438.07 | NOTE | |||
r-devel-linux-x86_64-fedora-gcc | 2.0 | 452.71 | OK | |||
r-devel-windows-x86_64 | 2.0 | 18.00 | 262.00 | 280.00 | NOTE | |
r-patched-linux-x86_64 | 2.0 | 13.54 | 332.88 | 346.42 | OK | |
r-release-linux-x86_64 | 2.0 | 13.07 | 332.82 | 345.89 | OK | |
r-release-macos-arm64 | 2.0 | 144.00 | NOTE | |||
r-release-macos-x86_64 | 2.0 | 264.00 | NOTE | |||
r-release-windows-x86_64 | 2.0 | 23.00 | 315.00 | 338.00 | NOTE | |
r-oldrel-macos-arm64 | 2.0 | 148.00 | NOTE | |||
r-oldrel-windows-x86_64 | 2.0 | 24.00 | 325.00 | 349.00 | NOTE |
Version: 2.0
Check: installed package size
Result: NOTE
installed size is 7.4Mb
sub-directories of 1Mb or more:
doc 6.9Mb
Flavors: r-devel-linux-x86_64-fedora-clang, r-devel-windows-x86_64, r-release-macos-arm64, r-release-macos-x86_64, r-release-windows-x86_64, r-oldrel-macos-arm64, r-oldrel-windows-x86_64