Last updated on 2023-06-08 08:55:26 CEST.
Flavor | Version | Tinstall | Tcheck | Ttotal | Status | Flags |
---|---|---|---|---|---|---|
r-devel-linux-x86_64-debian-clang | 1.1 | 21.31 | 254.59 | 275.90 | OK | |
r-devel-linux-x86_64-debian-gcc | 1.1 | 15.68 | 186.18 | 201.86 | OK | |
r-devel-linux-x86_64-fedora-clang | 1.1 | 338.69 | NOTE | |||
r-devel-linux-x86_64-fedora-gcc | 1.1 | 342.13 | OK | |||
r-devel-windows-x86_64 | 1.1 | 17.00 | 231.00 | 248.00 | NOTE | |
r-patched-linux-x86_64 | 1.1 | 16.27 | 243.14 | 259.41 | OK | |
r-release-linux-x86_64 | 1.1 | 13.24 | 244.09 | 257.33 | OK | |
r-release-macos-arm64 | 1.1 | 107.00 | NOTE | |||
r-release-macos-x86_64 | 1.1 | 175.00 | NOTE | |||
r-release-windows-x86_64 | 1.1 | 25.00 | 252.00 | 277.00 | NOTE | |
r-oldrel-macos-arm64 | 1.1 | 113.00 | NOTE | |||
r-oldrel-macos-x86_64 | 1.1 | 131.00 | NOTE | |||
r-oldrel-windows-x86_64 | 1.1 | 25.00 | 243.00 | 268.00 | NOTE |
Version: 1.1
Check: installed package size
Result: NOTE
installed size is 7.2Mb
sub-directories of 1Mb or more:
doc 6.7Mb
Flavors: r-devel-linux-x86_64-fedora-clang, r-devel-windows-x86_64, r-release-macos-arm64, r-release-macos-x86_64, r-release-windows-x86_64, r-oldrel-macos-arm64, r-oldrel-macos-x86_64, r-oldrel-windows-x86_64