CRAN Package Check Results for Package mandelbrot

Last updated on 2023-12-08 00:51:59 CET.

Flavor Version Tinstall Tcheck Ttotal Status Flags
r-devel-linux-x86_64-debian-clang 0.2.0 2.85 28.11 30.96 NOTE
r-devel-linux-x86_64-debian-gcc 0.2.0 2.29 22.58 24.87 NOTE
r-devel-linux-x86_64-fedora-clang 0.2.0 39.68 NOTE
r-devel-linux-x86_64-fedora-gcc 0.2.0 38.08 NOTE
r-devel-windows-x86_64 0.2.0 6.00 58.00 64.00 NOTE
r-patched-linux-x86_64 0.2.0 2.70 28.14 30.84 NOTE
r-release-linux-x86_64 0.2.0 2.91 28.06 30.97 NOTE
r-release-macos-arm64 0.2.0 21.00 NOTE
r-release-macos-x86_64 0.2.0 27.00 NOTE
r-release-windows-x86_64 0.2.0 6.00 54.00 60.00 NOTE
r-oldrel-macos-arm64 0.2.0 20.00 NOTE
r-oldrel-macos-x86_64 0.2.0 25.00 NOTE
r-oldrel-windows-x86_64 0.2.0 6.00 50.00 56.00 NOTE

Check Details

Version: 0.2.0
Check: LazyData
Result: NOTE 'LazyData' is specified without a 'data' directory Flavors: r-devel-linux-x86_64-debian-clang, r-devel-linux-x86_64-debian-gcc, r-devel-linux-x86_64-fedora-clang, r-devel-linux-x86_64-fedora-gcc, r-devel-windows-x86_64, r-patched-linux-x86_64, r-release-linux-x86_64, r-release-macos-arm64, r-release-macos-x86_64, r-release-windows-x86_64, r-oldrel-macos-arm64, r-oldrel-macos-x86_64, r-oldrel-windows-x86_64