CRAN Package Check Results for Package manifestoR

Last updated on 2021-10-22 20:49:06 CEST.

Flavor Version Tinstall Tcheck Ttotal Status Flags
r-devel-linux-x86_64-debian-clang 1.5.0 9.68 69.67 79.35 NOTE
r-devel-linux-x86_64-debian-gcc 1.5.0 7.15 52.83 59.98 NOTE
r-devel-linux-x86_64-fedora-clang 1.5.0 107.11 NOTE
r-devel-linux-x86_64-fedora-gcc 1.5.0 93.01 NOTE
r-devel-windows-x86_64 1.5.0 15.00 93.00 108.00 NOTE
r-devel-windows-x86_64-gcc10-UCRT 1.5.0 NOTE
r-patched-linux-x86_64 1.5.0 16.94 65.70 82.64 NOTE
r-patched-solaris-x86 1.5.0 129.80 NOTE
r-release-linux-x86_64 1.5.0 6.89 66.15 73.04 NOTE
r-release-macos-arm64 1.5.0 NOTE
r-release-macos-x86_64 1.5.0 NOTE
r-release-windows-ix86+x86_64 1.5.0 15.00 92.00 107.00 NOTE
r-oldrel-macos-x86_64 1.5.0 OK
r-oldrel-windows-ix86+x86_64 1.5.0 21.00 95.00 116.00 OK

Check Details

Version: 1.5.0
Check: LazyData
Result: NOTE
     'LazyData' is specified without a 'data' directory
Flavors: r-devel-linux-x86_64-debian-clang, r-devel-linux-x86_64-debian-gcc, r-devel-linux-x86_64-fedora-clang, r-devel-linux-x86_64-fedora-gcc, r-devel-windows-x86_64, r-devel-windows-x86_64-gcc10-UCRT, r-patched-linux-x86_64, r-patched-solaris-x86, r-release-linux-x86_64, r-release-macos-arm64, r-release-macos-x86_64, r-release-windows-ix86+x86_64