Last updated on 2024-04-18 08:54:36 CEST.
Flavor | Version | Tinstall | Tcheck | Ttotal | Status | Flags |
---|---|---|---|---|---|---|
r-devel-linux-x86_64-debian-clang | 1.5.0 | 9.89 | 78.78 | 88.67 | NOTE | |
r-devel-linux-x86_64-debian-gcc | 1.5.0 | 8.57 | 57.65 | 66.22 | NOTE | |
r-devel-linux-x86_64-fedora-clang | 1.5.0 | 110.52 | NOTE | |||
r-devel-linux-x86_64-fedora-gcc | 1.5.0 | 116.87 | NOTE | |||
r-prerel-macos-arm64 | 1.5.0 | 38.00 | NOTE | |||
r-prerel-windows-x86_64 | 1.5.0 | 12.00 | 81.00 | 93.00 | NOTE | |
r-patched-linux-x86_64 | 1.5.0 | 16.85 | 75.39 | 92.24 | NOTE | |
r-release-linux-x86_64 | 1.5.0 | 6.22 | 71.43 | 77.65 | NOTE | |
r-release-macos-arm64 | 1.5.0 | 39.00 | NOTE | |||
r-release-macos-x86_64 | 1.5.0 | 60.00 | NOTE | |||
r-release-windows-x86_64 | 1.5.0 | 15.00 | 90.00 | 105.00 | NOTE | |
r-oldrel-macos-arm64 | 1.5.0 | 29.00 | NOTE | |||
r-oldrel-windows-x86_64 | 1.5.0 | 15.00 | 91.00 | 106.00 | NOTE |
Version: 1.5.0
Check: LazyData
Result: NOTE
'LazyData' is specified without a 'data' directory
Flavors: r-devel-linux-x86_64-debian-clang, r-devel-linux-x86_64-debian-gcc, r-devel-linux-x86_64-fedora-clang, r-devel-linux-x86_64-fedora-gcc, r-prerel-macos-arm64, r-prerel-windows-x86_64, r-patched-linux-x86_64, r-release-linux-x86_64, r-release-macos-arm64, r-release-macos-x86_64, r-release-windows-x86_64, r-oldrel-macos-arm64, r-oldrel-windows-x86_64