Last updated on 2024-03-28 15:49:52 CET.
Flavor | Version | Tinstall | Tcheck | Ttotal | Status | Flags |
---|---|---|---|---|---|---|
r-devel-linux-x86_64-debian-clang | 0.0.1 | 6.00 | 33.90 | 39.90 | OK | |
r-devel-linux-x86_64-debian-gcc | 0.0.1 | 4.11 | 27.06 | 31.17 | OK | |
r-devel-linux-x86_64-fedora-clang | 0.0.1 | 51.19 | NOTE | |||
r-devel-linux-x86_64-fedora-gcc | 0.0.1 | 81.19 | NOTE | |||
r-devel-windows-x86_64 | 0.0.1 | 13.00 | 55.00 | 68.00 | OK | |
r-patched-linux-x86_64 | 0.0.1 | 6.72 | 33.58 | 40.30 | OK | |
r-release-linux-x86_64 | 0.0.1 | 5.41 | 32.26 | 37.67 | OK | |
r-release-macos-arm64 | 0.0.1 | 36.00 | OK | |||
r-release-macos-x86_64 | 0.0.1 | 52.00 | OK | |||
r-release-windows-x86_64 | 0.0.1 | 16.00 | 56.00 | 72.00 | OK | |
r-oldrel-macos-arm64 | 0.0.1 | 28.00 | NOTE | |||
r-oldrel-windows-x86_64 | 0.0.1 | 17.00 | 59.00 | 76.00 | OK |
Version: 0.0.1
Check: dependencies in R code
Result: NOTE
Namespace in Imports field not imported from: ‘dplyr’
All declared Imports should be used.
Flavors: r-devel-linux-x86_64-fedora-clang, r-devel-linux-x86_64-fedora-gcc, r-oldrel-macos-arm64
Version: 0.0.1
Check: data for non-ASCII characters
Result: NOTE
Note: found 3058 marked UTF-8 strings
Flavors: r-devel-linux-x86_64-fedora-clang, r-devel-linux-x86_64-fedora-gcc, r-oldrel-macos-arm64