Last updated on 2024-04-19 08:54:45 CEST.
Flavor | Version | Tinstall | Tcheck | Ttotal | Status | Flags |
---|---|---|---|---|---|---|
r-devel-linux-x86_64-debian-clang | 0.1.0 | 5.89 | 41.92 | 47.81 | OK | |
r-devel-linux-x86_64-debian-gcc | 0.1.0 | OK | ||||
r-devel-linux-x86_64-fedora-clang | 0.1.0 | 58.57 | NOTE | |||
r-devel-linux-x86_64-fedora-gcc | 0.1.0 | 56.52 | NOTE | |||
r-prerel-macos-arm64 | 0.1.0 | 22.00 | OK | |||
r-prerel-windows-x86_64 | 0.1.0 | 7.00 | 49.00 | 56.00 | OK | |
r-patched-linux-x86_64 | 0.1.0 | 3.57 | 41.60 | 45.17 | OK | |
r-release-linux-x86_64 | 0.1.0 | 4.46 | 41.72 | 46.18 | OK | |
r-release-macos-arm64 | 0.1.0 | 27.00 | OK | |||
r-release-macos-x86_64 | 0.1.0 | 39.00 | OK | |||
r-release-windows-x86_64 | 0.1.0 | 7.00 | 54.00 | 61.00 | OK | |
r-oldrel-macos-arm64 | 0.1.0 | 24.00 | NOTE | |||
r-oldrel-windows-x86_64 | 0.1.0 | 8.00 | 62.00 | 70.00 | OK |
Version: 0.1.0
Check: data for non-ASCII characters
Result: NOTE
Note: found 11396 marked UTF-8 strings
Flavors: r-devel-linux-x86_64-fedora-clang, r-devel-linux-x86_64-fedora-gcc, r-oldrel-macos-arm64