Last updated on 2023-09-29 00:56:53 CEST.
Flavor | Version | Tinstall | Tcheck | Ttotal | Status | Flags |
---|---|---|---|---|---|---|
r-devel-linux-x86_64-debian-clang | 3.4.1 | 9.15 | 40.98 | 50.13 | NOTE | |
r-devel-linux-x86_64-debian-gcc | 3.4.1 | 6.90 | 31.71 | 38.61 | NOTE | |
r-devel-linux-x86_64-fedora-clang | 3.4.1 | 64.10 | NOTE | |||
r-devel-linux-x86_64-fedora-gcc | 3.4.1 | 63.12 | NOTE | |||
r-devel-windows-x86_64 | 3.4.1 | 18.00 | 58.00 | 76.00 | NOTE | |
r-patched-linux-x86_64 | 3.4.1 | 9.88 | 40.31 | 50.19 | OK | |
r-release-linux-x86_64 | 3.4.1 | 9.57 | 40.58 | 50.15 | OK | |
r-release-macos-arm64 | 3.4.1 | 33.00 | OK | |||
r-release-macos-x86_64 | 3.4.1 | 45.00 | OK | |||
r-release-windows-x86_64 | 3.4.1 | 17.00 | 63.00 | 80.00 | OK | |
r-oldrel-macos-arm64 | 3.4.1 | 27.00 | OK | |||
r-oldrel-macos-x86_64 | 3.4.1 | 63.00 | OK | |||
r-oldrel-windows-x86_64 | 3.4.1 | 23.00 | 64.00 | 87.00 | OK |
Version: 3.4.1
Check: Rd contents
Result: NOTE
Argument items with no description in Rd object 'map.scale':
‘x’
Flavors: r-devel-linux-x86_64-debian-clang, r-devel-linux-x86_64-debian-gcc, r-devel-linux-x86_64-fedora-clang, r-devel-linux-x86_64-fedora-gcc, r-devel-windows-x86_64
Version: 3.4.1
Check: Rd cross-references
Result: NOTE
Undeclared package ‘rgdal’ in Rd xrefs
Flavor: r-devel-linux-x86_64-fedora-clang