Last updated on 2023-03-25 07:59:38 CET.
Flavor | Version | Tinstall | Tcheck | Ttotal | Status | Flags |
---|---|---|---|---|---|---|
r-devel-linux-x86_64-debian-clang | 3.4.1 | 9.25 | 41.10 | 50.35 | OK | |
r-devel-linux-x86_64-debian-gcc | 3.4.1 | 5.77 | 31.85 | 37.62 | OK | |
r-devel-linux-x86_64-fedora-clang | 3.4.1 | 67.82 | NOTE | |||
r-devel-linux-x86_64-fedora-gcc | 3.4.1 | 63.85 | OK | |||
r-patched-linux-x86_64 | 3.4.1 | 8.80 | 39.27 | 48.07 | OK | |
r-release-linux-x86_64 | 3.4.1 | 7.62 | 39.51 | 47.13 | OK | |
r-release-macos-arm64 | 3.4.1 | 37.00 | OK | |||
r-release-macos-x86_64 | 3.4.1 | 63.00 | OK | |||
r-release-windows-x86_64 | 3.4.1 | 59.00 | 79.00 | 138.00 | OK | |
r-oldrel-macos-arm64 | 3.4.1 | 41.00 | OK | |||
r-oldrel-macos-x86_64 | 3.4.1 | 55.00 | OK | |||
r-oldrel-windows-ix86+x86_64 | 3.4.1 | 31.00 | 83.00 | 114.00 | OK |
Version: 3.4.1
Check: Rd cross-references
Result: NOTE
Undeclared package ‘rgdal’ in Rd xrefs
Flavor: r-devel-linux-x86_64-fedora-clang