Last updated on 2023-06-05 16:54:59 CEST.
Flavor | Version | Tinstall | Tcheck | Ttotal | Status | Flags |
---|---|---|---|---|---|---|
r-devel-linux-x86_64-debian-clang | 0.2.2 | 4.32 | 28.94 | 33.26 | OK | |
r-devel-linux-x86_64-debian-gcc | 0.2.2 | 3.51 | 22.88 | 26.39 | OK | |
r-devel-linux-x86_64-fedora-clang | 0.2.2 | 41.59 | NOTE | |||
r-devel-linux-x86_64-fedora-gcc | 0.2.2 | 40.22 | NOTE | |||
r-devel-windows-x86_64 | 0.2.2 | 5.00 | 46.00 | 51.00 | OK | |
r-patched-linux-x86_64 | 0.2.2 | 4.58 | 27.95 | 32.53 | OK | |
r-release-linux-x86_64 | 0.2.2 | 3.47 | 28.41 | 31.88 | OK | |
r-release-macos-arm64 | 0.2.2 | 27.00 | OK | |||
r-release-macos-x86_64 | 0.2.2 | 35.00 | OK | |||
r-release-windows-x86_64 | 0.2.2 | 6.00 | 50.00 | 56.00 | OK | |
r-oldrel-macos-arm64 | 0.2.2 | 27.00 | OK | |||
r-oldrel-macos-x86_64 | 0.2.2 | 30.00 | OK | |||
r-oldrel-windows-x86_64 | 0.2.2 | 7.00 | 49.00 | 56.00 | OK |
Version: 0.2.2
Check: data for non-ASCII characters
Result: NOTE
Note: found 1056 marked UTF-8 strings
Flavors: r-devel-linux-x86_64-fedora-clang, r-devel-linux-x86_64-fedora-gcc