CRAN Package Check Results for Package maptools

Last updated on 2021-10-18 08:51:19 CEST.

Flavor Version Tinstall Tcheck Ttotal Status Flags
r-devel-linux-x86_64-debian-clang 1.1-2 18.20 144.07 162.27 OK
r-devel-linux-x86_64-debian-gcc 1.1-2 14.59 107.64 122.23 OK
r-devel-linux-x86_64-fedora-clang 1.1-2 203.11 OK
r-devel-linux-x86_64-fedora-gcc 1.1-2 190.99 OK
r-devel-windows-x86_64 1.1-2 34.00 225.00 259.00 OK
r-devel-windows-x86_64-gcc10-UCRT 1.1-2 OK
r-patched-linux-x86_64 1.1-2 19.17 138.57 157.74 OK
r-patched-solaris-x86 1.1-2 238.10 OK
r-release-linux-x86_64 1.1-2 17.01 138.38 155.39 OK
r-release-macos-arm64 1.1-2 OK
r-release-macos-x86_64 1.1-2 NOTE
r-release-windows-ix86+x86_64 1.1-2 43.00 371.00 414.00 OK
r-oldrel-macos-x86_64 1.1-2 OK
r-oldrel-windows-ix86+x86_64 1.1-2 80.00 285.00 365.00 OK

Check Details

Version: 1.1-2
Check: Rd cross-references
Result: NOTE
    Package unavailable to check Rd xrefs: ‘rgeos’
Flavor: r-release-macos-x86_64