CRAN Package Check Results for Package markdownInput

Last updated on 2021-09-28 01:49:28 CEST.

Flavor Version Tinstall Tcheck Ttotal Status Flags
r-devel-linux-x86_64-debian-clang 0.1.2 2.53 33.07 35.60 NOTE
r-devel-linux-x86_64-debian-gcc 0.1.2 2.77 25.96 28.73 NOTE
r-devel-linux-x86_64-fedora-clang 0.1.2 52.67 NOTE
r-devel-linux-x86_64-fedora-gcc 0.1.2 41.54 NOTE
r-devel-windows-x86_64 0.1.2 5.00 38.00 43.00 NOTE
r-devel-windows-x86_64-gcc10-UCRT 0.1.2 NOTE
r-patched-linux-x86_64 0.1.2 3.37 31.92 35.29 NOTE
r-patched-solaris-x86 0.1.2 64.90 NOTE
r-release-linux-x86_64 0.1.2 3.27 32.09 35.36 NOTE
r-release-macos-arm64 0.1.2 NOTE
r-release-macos-x86_64 0.1.2 NOTE
r-release-windows-ix86+x86_64 0.1.2 9.00 39.00 48.00 NOTE
r-oldrel-macos-x86_64 0.1.2 OK
r-oldrel-windows-ix86+x86_64 0.1.2 7.00 39.00 46.00 OK

Check Details

Version: 0.1.2
Check: LazyData
Result: NOTE
     'LazyData' is specified without a 'data' directory
Flavors: r-devel-linux-x86_64-debian-clang, r-devel-linux-x86_64-debian-gcc, r-devel-linux-x86_64-fedora-clang, r-devel-linux-x86_64-fedora-gcc, r-devel-windows-x86_64, r-devel-windows-x86_64-gcc10-UCRT, r-patched-linux-x86_64, r-patched-solaris-x86, r-release-linux-x86_64, r-release-macos-arm64, r-release-macos-x86_64, r-release-windows-ix86+x86_64