CRAN Package Check Results for Package marked

Last updated on 2023-09-23 16:54:05 CEST.

Flavor Version Tinstall Tcheck Ttotal Status Flags
r-devel-linux-x86_64-debian-clang 1.2.6 35.88 227.59 263.47 NOTE
r-devel-linux-x86_64-debian-gcc 1.2.6 29.69 172.93 202.62 NOTE
r-devel-linux-x86_64-fedora-clang 1.2.6 332.65 NOTE
r-devel-linux-x86_64-fedora-gcc 1.2.6 339.00 NOTE
r-devel-windows-x86_64 1.2.6 39.00 217.00 256.00 NOTE
r-patched-linux-x86_64 1.2.6 25.77 222.96 248.73 NOTE
r-release-linux-x86_64 1.2.6 34.99 218.76 253.75 NOTE
r-release-macos-arm64 1.2.6 113.00 NOTE
r-release-macos-x86_64 1.2.6 178.00 NOTE
r-release-windows-x86_64 1.2.6 49.00 259.00 308.00 NOTE
r-oldrel-macos-arm64 1.2.6 93.00 NOTE
r-oldrel-macos-x86_64 1.2.6 153.00 NOTE
r-oldrel-windows-x86_64 1.2.6 47.00 236.00 283.00 OK

Check Details

Version: 1.2.6
Check: Rd \usage sections
Result: NOTE
    S3 methods shown with full name in documentation object 'set.scale':
     ‘scale.dm’ ‘scale.par’
    
    The \usage entries for S3 methods should use the \method markup and not
    their full name.
    See chapter ‘Writing R documentation files’ in the ‘Writing R
    Extensions’ manual.
Flavors: r-devel-linux-x86_64-debian-clang, r-devel-linux-x86_64-debian-gcc, r-devel-linux-x86_64-fedora-clang, r-devel-linux-x86_64-fedora-gcc, r-devel-windows-x86_64, r-patched-linux-x86_64, r-release-linux-x86_64, r-release-macos-arm64, r-release-macos-x86_64, r-release-windows-x86_64

Version: 1.2.6
Check: dependencies in R code
Result: NOTE
    Namespaces in Imports field not imported from:
     ‘bookdown’ ‘kableExtra’ ‘knitr’
     All declared Imports should be used.
Flavors: r-devel-linux-x86_64-fedora-clang, r-devel-linux-x86_64-fedora-gcc, r-oldrel-macos-arm64, r-oldrel-macos-x86_64