Last updated on 2024-03-28 15:49:52 CET.
Flavor | Version | Tinstall | Tcheck | Ttotal | Status | Flags |
---|---|---|---|---|---|---|
r-devel-linux-x86_64-debian-clang | 0.1.1 | 74.56 | 88.72 | 163.28 | NOTE | |
r-devel-linux-x86_64-debian-gcc | 0.1.1 | 58.57 | 76.87 | 135.44 | NOTE | |
r-devel-linux-x86_64-fedora-clang | 0.1.1 | 219.21 | NOTE | |||
r-devel-linux-x86_64-fedora-gcc | 0.1.1 | 240.56 | NOTE | |||
r-devel-windows-x86_64 | 0.1.1 | 56.00 | 121.00 | 177.00 | NOTE | |
r-patched-linux-x86_64 | 0.1.1 | 72.09 | 94.04 | 166.13 | NOTE | |
r-release-linux-x86_64 | 0.1.1 | 70.97 | 93.94 | 164.91 | NOTE | |
r-release-macos-arm64 | 0.1.1 | 72.00 | NOTE | |||
r-release-macos-x86_64 | 0.1.1 | 123.00 | NOTE | |||
r-release-windows-x86_64 | 0.1.1 | 68.00 | 137.00 | 205.00 | NOTE | |
r-oldrel-macos-arm64 | 0.1.1 | 62.00 | NOTE | |||
r-oldrel-windows-x86_64 | 0.1.1 | 65.00 | 142.00 | 207.00 | NOTE |
Version: 0.1.1
Check: C++ specification
Result: NOTE
Specified C++11: please drop specification unless essential
Flavors: r-devel-linux-x86_64-debian-clang, r-devel-linux-x86_64-debian-gcc, r-devel-linux-x86_64-fedora-clang, r-devel-linux-x86_64-fedora-gcc, r-devel-windows-x86_64, r-patched-linux-x86_64, r-release-linux-x86_64, r-release-macos-arm64, r-release-macos-x86_64, r-release-windows-x86_64
Version: 0.1.1
Check: installed package size
Result: NOTE
installed size is 5.1Mb
sub-directories of 1Mb or more:
examples 2.7Mb
libs 1.3Mb
Flavors: r-devel-windows-x86_64, r-release-macos-arm64, r-release-macos-x86_64, r-release-windows-x86_64, r-oldrel-macos-arm64, r-oldrel-windows-x86_64