CRAN Package Check Results for Package marketr

Last updated on 2021-10-27 16:49:09 CEST.

Flavor Version Tinstall Tcheck Ttotal Status Flags
r-devel-linux-x86_64-debian-clang 0.0.2 4.29 47.05 51.34 NOTE
r-devel-linux-x86_64-debian-gcc 0.0.2 3.48 35.97 39.45 NOTE
r-devel-linux-x86_64-fedora-clang 0.0.2 71.34 NOTE
r-devel-linux-x86_64-fedora-gcc 0.0.2 59.13 NOTE
r-devel-windows-x86_64 0.0.2 9.00 69.00 78.00 NOTE
r-devel-windows-x86_64-gcc10-UCRT 0.0.2 NOTE
r-patched-linux-x86_64 0.0.2 4.01 42.53 46.54 NOTE
r-patched-solaris-x86 0.0.2 84.80 NOTE
r-release-linux-x86_64 0.0.2 3.81 43.30 47.11 NOTE
r-release-macos-arm64 0.0.2 NOTE
r-release-macos-x86_64 0.0.2 NOTE
r-release-windows-ix86+x86_64 0.0.2 8.00 66.00 74.00 NOTE
r-oldrel-macos-x86_64 0.0.2 OK
r-oldrel-windows-ix86+x86_64 0.0.2 11.00 64.00 75.00 OK

Check Details

Version: 0.0.2
Check: LazyData
Result: NOTE
     'LazyData' is specified without a 'data' directory
Flavors: r-devel-linux-x86_64-debian-clang, r-devel-linux-x86_64-debian-gcc, r-devel-linux-x86_64-fedora-clang, r-devel-linux-x86_64-fedora-gcc, r-devel-windows-x86_64, r-devel-windows-x86_64-gcc10-UCRT, r-patched-linux-x86_64, r-patched-solaris-x86, r-release-linux-x86_64, r-release-macos-arm64, r-release-macos-x86_64, r-release-windows-ix86+x86_64