Last updated on 2024-04-19 16:58:47 CEST.
Flavor | Version | Tinstall | Tcheck | Ttotal | Status | Flags |
---|---|---|---|---|---|---|
r-devel-linux-x86_64-debian-clang | 0.9.5 | 189.85 | 322.26 | 512.11 | NOTE | |
r-devel-linux-x86_64-debian-gcc | 0.9.5 | NOTE | ||||
r-devel-linux-x86_64-fedora-clang | 0.9.5 | 729.70 | NOTE | |||
r-devel-linux-x86_64-fedora-gcc | 0.9.5 | 732.67 | NOTE | |||
r-prerel-macos-arm64 | 0.9.5 | 157.00 | NOTE | |||
r-prerel-windows-x86_64 | 0.9.5 | 143.00 | 339.00 | 482.00 | NOTE | |
r-patched-linux-x86_64 | 0.9.5 | 187.25 | 309.46 | 496.71 | NOTE | |
r-release-linux-x86_64 | 0.9.5 | 193.17 | 305.99 | 499.16 | NOTE | |
r-release-macos-arm64 | 0.9.5 | 160.00 | NOTE | |||
r-release-macos-x86_64 | 0.9.5 | 428.00 | NOTE | |||
r-release-windows-x86_64 | 0.9.5 | 182.00 | 391.00 | 573.00 | NOTE | |
r-oldrel-macos-arm64 | 0.9.5 | 150.00 | NOTE | |||
r-oldrel-windows-x86_64 | 0.9.5 | 174.00 | 379.00 | 553.00 | NOTE |
Version: 0.9.5
Check: Rd files
Result: NOTE
checkRd: (-1) markovchainFit.Rd:31: Lost braces; missing escapes or markup?
31 | \item{stringchar}{It can be a {n x n} matrix or a character vector or a list}
| ^
checkRd: (-1) markovchainFit.Rd:39: Lost braces; missing escapes or markup?
39 | \item{data}{It can be a character vector or a {n x n} matrix or a {n x n} data frame or a list}
| ^
checkRd: (-1) markovchainFit.Rd:39: Lost braces; missing escapes or markup?
39 | \item{data}{It can be a character vector or a {n x n} matrix or a {n x n} data frame or a list}
| ^
checkRd: (-1) markovchainFit.Rd:61: Lost braces; missing escapes or markup?
61 | {k x k} where k is the number of states in the chain and the values
| ^
Flavors: r-devel-linux-x86_64-debian-clang, r-devel-linux-x86_64-debian-gcc, r-devel-linux-x86_64-fedora-clang, r-devel-linux-x86_64-fedora-gcc, r-prerel-macos-arm64, r-prerel-windows-x86_64, r-patched-linux-x86_64
Version: 0.9.5
Check: for GNU extensions in Makefiles
Result: NOTE
GNU make is a SystemRequirements.
Flavors: r-devel-linux-x86_64-debian-clang, r-devel-linux-x86_64-debian-gcc, r-devel-linux-x86_64-fedora-clang, r-devel-linux-x86_64-fedora-gcc, r-prerel-macos-arm64, r-prerel-windows-x86_64, r-patched-linux-x86_64, r-release-linux-x86_64, r-release-macos-arm64, r-release-macos-x86_64, r-release-windows-x86_64, r-oldrel-macos-arm64, r-oldrel-windows-x86_64
Version: 0.9.5
Check: installed package size
Result: NOTE
installed size is 9.9Mb
sub-directories of 1Mb or more:
libs 8.3Mb
Flavors: r-prerel-macos-arm64, r-release-macos-arm64, r-release-macos-x86_64, r-oldrel-macos-arm64