CRAN Package Check Results for Package matahari

Last updated on 2023-12-10 08:48:29 CET.

Flavor Version Tinstall Tcheck Ttotal Status Flags
r-devel-linux-x86_64-debian-clang 0.1.3 4.77 46.79 51.56 NOTE
r-devel-linux-x86_64-debian-gcc 0.1.3 3.73 35.44 39.17 NOTE
r-devel-linux-x86_64-fedora-clang 0.1.3 65.36 NOTE
r-devel-linux-x86_64-fedora-gcc 0.1.3 72.00 NOTE
r-devel-windows-x86_64 0.1.3 5.00 56.00 61.00 NOTE
r-patched-linux-x86_64 0.1.3 5.47 44.68 50.15 NOTE
r-release-linux-x86_64 0.1.3 3.00 43.54 46.54 NOTE
r-release-macos-arm64 0.1.3 31.00 NOTE
r-release-macos-x86_64 0.1.3 45.00 NOTE
r-release-windows-x86_64 0.1.3 7.00 61.00 68.00 NOTE
r-oldrel-macos-arm64 0.1.3 24.00 NOTE
r-oldrel-macos-x86_64 0.1.3 41.00 NOTE
r-oldrel-windows-x86_64 0.1.3 6.00 64.00 70.00 NOTE

Check Details

Version: 0.1.3
Check: LazyData
Result: NOTE 'LazyData' is specified without a 'data' directory Flavors: r-devel-linux-x86_64-debian-clang, r-devel-linux-x86_64-debian-gcc, r-devel-linux-x86_64-fedora-clang, r-devel-linux-x86_64-fedora-gcc, r-devel-windows-x86_64, r-patched-linux-x86_64, r-release-linux-x86_64, r-release-macos-arm64, r-release-macos-x86_64, r-release-windows-x86_64, r-oldrel-macos-arm64, r-oldrel-macos-x86_64, r-oldrel-windows-x86_64