Last updated on 2023-12-02 16:49:19 CET.
Flavor | Version | Tinstall | Tcheck | Ttotal | Status | Flags |
---|---|---|---|---|---|---|
r-devel-linux-x86_64-debian-clang | 1.2.4 | 23.73 | 491.56 | 515.29 | NOTE | |
r-devel-linux-x86_64-debian-gcc | 1.2.4 | 17.28 | 341.18 | 358.46 | NOTE | |
r-devel-linux-x86_64-fedora-clang | 1.2.4 | 609.24 | NOTE | |||
r-devel-linux-x86_64-fedora-gcc | 1.2.4 | 641.77 | NOTE | |||
r-devel-windows-x86_64 | 1.2.4 | 22.00 | 377.00 | 399.00 | NOTE | |
r-patched-linux-x86_64 | 1.2.4 | 19.63 | 452.87 | 472.50 | OK | |
r-release-linux-x86_64 | 1.2.4 | 22.21 | 436.95 | 459.16 | OK | |
r-release-macos-arm64 | 1.2.4 | 238.00 | OK | |||
r-release-macos-x86_64 | 1.2.4 | 395.00 | OK | |||
r-release-windows-x86_64 | 1.2.4 | 28.00 | 472.00 | 500.00 | OK | |
r-oldrel-macos-arm64 | 1.2.4 | 178.00 | OK | |||
r-oldrel-macos-x86_64 | 1.2.4 | 280.00 | OK | |||
r-oldrel-windows-x86_64 | 1.2.4 | 26.00 | 518.00 | 544.00 | OK |
Version: 1.2.4
Check: Rd metadata
Result: NOTE
Invalid package aliases in Rd file 'NewPackage-package.Rd':
‘NewPackage-package’
Flavors: r-devel-linux-x86_64-debian-clang, r-devel-linux-x86_64-debian-gcc, r-devel-linux-x86_64-fedora-clang, r-devel-linux-x86_64-fedora-gcc, r-devel-windows-x86_64
Version: 1.2.4
Check: Rd contents
Result: NOTE
Auto-generated content requiring editing in Rd file 'NewPackage-package.Rd':
\references: ‘This optional section can contain literature or other refere...’
\seealso: ‘Optional links to other man pages’
\examples: ‘\dontrun{ ## Optional simple examples of the most impor...’
Flavors: r-devel-linux-x86_64-debian-clang, r-devel-linux-x86_64-debian-gcc, r-devel-linux-x86_64-fedora-clang, r-devel-linux-x86_64-fedora-gcc, r-devel-windows-x86_64