CRAN Package Check Results for Package mathpix

Last updated on 2021-10-25 04:54:15 CEST.

Flavor Version Tinstall Tcheck Ttotal Status Flags
r-devel-linux-x86_64-debian-clang 0.4.0 2.28 25.18 27.46 NOTE
r-devel-linux-x86_64-debian-gcc 0.4.0 1.92 19.93 21.85 NOTE
r-devel-linux-x86_64-fedora-clang 0.4.0 44.66 NOTE
r-devel-linux-x86_64-fedora-gcc 0.4.0 33.22 NOTE
r-devel-windows-x86_64 0.4.0 5.00 49.00 54.00 NOTE
r-devel-windows-x86_64-gcc10-UCRT 0.4.0 NOTE
r-patched-linux-x86_64 0.4.0 2.39 24.38 26.77 NOTE
r-patched-solaris-x86 0.4.0 56.40 NOTE
r-release-linux-x86_64 0.4.0 2.00 24.20 26.20 NOTE
r-release-macos-arm64 0.4.0 NOTE
r-release-macos-x86_64 0.4.0 NOTE
r-release-windows-ix86+x86_64 0.4.0 4.00 44.00 48.00 NOTE
r-oldrel-macos-x86_64 0.4.0 OK
r-oldrel-windows-ix86+x86_64 0.4.0 6.00 50.00 56.00 OK

Check Details

Version: 0.4.0
Check: LazyData
Result: NOTE
     'LazyData' is specified without a 'data' directory
Flavors: r-devel-linux-x86_64-debian-clang, r-devel-linux-x86_64-debian-gcc, r-devel-linux-x86_64-fedora-clang, r-devel-linux-x86_64-fedora-gcc, r-devel-windows-x86_64, r-devel-windows-x86_64-gcc10-UCRT, r-patched-linux-x86_64, r-patched-solaris-x86, r-release-linux-x86_64, r-release-macos-arm64, r-release-macos-x86_64, r-release-windows-ix86+x86_64