CRAN Package Check Results for Package matrixLaplacian

Last updated on 2024-02-26 16:56:29 CET.

Flavor Version Tinstall Tcheck Ttotal Status Flags
r-devel-linux-x86_64-debian-clang 1.0 1.50 19.60 21.10 NOTE
r-devel-linux-x86_64-debian-gcc 1.0 1.56 15.56 17.12 NOTE
r-devel-linux-x86_64-fedora-clang 1.0 27.30 NOTE
r-devel-linux-x86_64-fedora-gcc 1.0 25.74 NOTE
r-devel-windows-x86_64 1.0 2.00 36.00 38.00 NOTE
r-patched-linux-x86_64 1.0 1.73 19.71 21.44 NOTE
r-release-linux-x86_64 1.0 1.29 19.73 21.02 NOTE
r-release-macos-arm64 1.0 14.00 NOTE
r-release-macos-x86_64 1.0 21.00 NOTE
r-release-windows-x86_64 1.0 2.00 38.00 40.00 NOTE
r-oldrel-macos-arm64 1.0 16.00 NOTE
r-oldrel-windows-x86_64 1.0 3.00 41.00 44.00 NOTE

Check Details

Version: 1.0
Check: LazyData
Result: NOTE 'LazyData' is specified without a 'data' directory Flavors: r-devel-linux-x86_64-debian-clang, r-devel-linux-x86_64-debian-gcc, r-devel-linux-x86_64-fedora-clang, r-devel-linux-x86_64-fedora-gcc, r-devel-windows-x86_64, r-patched-linux-x86_64, r-release-linux-x86_64, r-release-macos-arm64, r-release-macos-x86_64, r-release-windows-x86_64, r-oldrel-macos-arm64, r-oldrel-windows-x86_64