Last updated on 2024-08-31 17:49:00 CEST.
Flavor | Version | Tinstall | Tcheck | Ttotal | Status | Flags |
---|---|---|---|---|---|---|
r-devel-linux-x86_64-debian-clang | 1.1.9 | 189.94 | 80.66 | 270.60 | OK | |
r-devel-linux-x86_64-debian-gcc | 1.1.9 | 130.31 | 54.36 | 184.67 | OK | |
r-devel-linux-x86_64-fedora-clang | 1.1.9 | 503.22 | OK | |||
r-devel-linux-x86_64-fedora-gcc | 1.1.9 | 530.75 | OK | |||
r-devel-windows-x86_64 | 1.1.9 | 185.00 | 161.00 | 346.00 | OK | |
r-patched-linux-x86_64 | 1.1.9 | 193.71 | 76.25 | 269.96 | OK | |
r-release-linux-x86_64 | 1.1.9 | 192.46 | 75.40 | 267.86 | OK | |
r-release-macos-arm64 | 1.1.9 | 97.00 | NOTE | |||
r-release-macos-x86_64 | 1.1.9 | 135.00 | NOTE | |||
r-release-windows-x86_64 | 1.1.9 | 193.00 | 183.00 | 376.00 | OK | |
r-oldrel-macos-arm64 | 1.1.9 | 107.00 | NOTE | |||
r-oldrel-macos-x86_64 | 1.1.9 | 140.00 | NOTE | |||
r-oldrel-windows-x86_64 | 1.1.9 | 223.00 | 189.00 | 412.00 | OK |
Version: 1.1.9
Check: installed package size
Result: NOTE
installed size is 14.1Mb
sub-directories of 1Mb or more:
libs 13.2Mb
Flavors: r-release-macos-arm64, r-release-macos-x86_64, r-oldrel-macos-arm64, r-oldrel-macos-x86_64