CRAN Package Check Results for Package mau

Last updated on 2023-05-28 22:00:15 CEST.

Flavor Version Tinstall Tcheck Ttotal Status Flags
r-devel-linux-x86_64-debian-clang 0.1.2 8.13 71.16 79.29 NOTE
r-devel-linux-x86_64-debian-gcc 0.1.2 5.09 52.55 57.64 NOTE
r-devel-linux-x86_64-fedora-clang 0.1.2 95.92 NOTE
r-devel-linux-x86_64-fedora-gcc 0.1.2 100.87 NOTE
r-devel-windows-x86_64 0.1.2 9.00 75.00 84.00 OK
r-patched-linux-x86_64 0.1.2 6.19 65.41 71.60 NOTE
r-release-linux-x86_64 0.1.2 5.14 64.57 69.71 NOTE
r-release-macos-arm64 0.1.2 40.00 OK
r-release-macos-x86_64 0.1.2 54.00 OK
r-release-windows-x86_64 0.1.2 9.00 87.00 96.00 OK
r-oldrel-macos-arm64 0.1.2 34.00 OK
r-oldrel-macos-x86_64 0.1.2 60.00 OK
r-oldrel-windows-x86_64 0.1.2 8.00 89.00 97.00 OK

Check Details

Version: 0.1.2
Check: for non-standard things in the check directory
Result: NOTE
    Found the following files/directories:
     ‘utilities.R’
Flavors: r-devel-linux-x86_64-debian-clang, r-devel-linux-x86_64-debian-gcc, r-devel-linux-x86_64-fedora-clang, r-devel-linux-x86_64-fedora-gcc, r-patched-linux-x86_64, r-release-linux-x86_64