Last updated on 2024-04-20 08:50:59 CEST.
Flavor | Version | Tinstall | Tcheck | Ttotal | Status | Flags |
---|---|---|---|---|---|---|
r-devel-linux-x86_64-debian-clang | 0.1.0 | 5.62 | 34.99 | 40.61 | NOTE | |
r-devel-linux-x86_64-debian-gcc | 0.1.0 | 3.83 | 26.47 | 30.30 | NOTE | |
r-devel-linux-x86_64-fedora-clang | 0.1.0 | 49.68 | NOTE | |||
r-devel-linux-x86_64-fedora-gcc | 0.1.0 | 46.82 | NOTE | |||
r-prerel-macos-arm64 | 0.1.0 | 19.00 | NOTE | |||
r-prerel-windows-x86_64 | 0.1.0 | 5.00 | 45.00 | 50.00 | NOTE | |
r-patched-linux-x86_64 | 0.1.0 | 4.39 | 33.06 | 37.45 | NOTE | |
r-release-linux-x86_64 | 0.1.0 | 4.07 | 33.96 | 38.03 | NOTE | |
r-release-macos-arm64 | 0.1.0 | 20.00 | NOTE | |||
r-release-macos-x86_64 | 0.1.0 | 25.00 | NOTE | |||
r-release-windows-x86_64 | 0.1.0 | 6.00 | 47.00 | 53.00 | NOTE | |
r-oldrel-macos-arm64 | 0.1.0 | 19.00 | NOTE | |||
r-oldrel-windows-x86_64 | 0.1.0 | 7.00 | 54.00 | 61.00 | NOTE |
Version: 0.1.0
Check: LazyData
Result: NOTE
'LazyData' is specified without a 'data' directory
Flavors: r-devel-linux-x86_64-debian-clang, r-devel-linux-x86_64-debian-gcc, r-devel-linux-x86_64-fedora-clang, r-devel-linux-x86_64-fedora-gcc, r-prerel-macos-arm64, r-prerel-windows-x86_64, r-patched-linux-x86_64, r-release-linux-x86_64, r-release-macos-arm64, r-release-macos-x86_64, r-release-windows-x86_64, r-oldrel-macos-arm64, r-oldrel-windows-x86_64