Last updated on 2024-04-24 09:21:50 CEST.
Flavor | Version | Tinstall | Tcheck | Ttotal | Status | Flags |
---|---|---|---|---|---|---|
r-devel-linux-x86_64-debian-clang | 0.1.3 | 6.85 | 47.60 | 54.45 | NOTE | |
r-devel-linux-x86_64-debian-gcc | 0.1.3 | 4.64 | 35.83 | 40.47 | NOTE | |
r-devel-linux-x86_64-fedora-clang | 0.1.3 | 66.42 | NOTE | |||
r-devel-linux-x86_64-fedora-gcc | 0.1.3 | 64.73 | NOTE | |||
r-patched-linux-x86_64 | 0.1.3 | 7.63 | 45.65 | 53.28 | NOTE | |
r-release-linux-x86_64 | 0.1.3 | 4.77 | 44.41 | 49.18 | NOTE | |
r-release-macos-arm64 | 0.1.3 | 24.00 | OK | |||
r-release-windows-x86_64 | 0.1.3 | 8.00 | 76.00 | 84.00 | OK | |
r-oldrel-macos-arm64 | 0.1.3 | 24.00 | OK | |||
r-oldrel-macos-x86_64 | 0.1.3 | 33.00 | OK | |||
r-oldrel-windows-x86_64 | 0.1.3 | 8.00 | 67.00 | 75.00 | OK |
Version: 0.1.3
Check: for non-standard things in the check directory
Result: NOTE
Found the following files/directories:
‘map_5.png’ ‘maze_5.html’
Flavors: r-devel-linux-x86_64-debian-clang, r-devel-linux-x86_64-debian-gcc, r-devel-linux-x86_64-fedora-clang, r-devel-linux-x86_64-fedora-gcc, r-patched-linux-x86_64, r-release-linux-x86_64