Last updated on 2023-12-07 20:48:42 CET.
Flavor | Version | Tinstall | Tcheck | Ttotal | Status | Flags |
---|---|---|---|---|---|---|
r-devel-linux-x86_64-debian-clang | 0.0.2 | 2.33 | 27.15 | 29.48 | NOTE | --no-vignettes |
r-devel-linux-x86_64-debian-gcc | 0.0.2 | 2.09 | 21.39 | 23.48 | NOTE | --no-vignettes |
r-devel-linux-x86_64-fedora-clang | 0.0.2 | 1076.90 | OK | |||
r-devel-linux-x86_64-fedora-gcc | 0.0.2 | 1089.13 | OK | |||
r-devel-windows-x86_64 | 0.0.2 | 4.00 | 518.00 | 522.00 | NOTE | |
r-patched-linux-x86_64 | 0.0.2 | 2.99 | 27.44 | 30.43 | OK | --no-vignettes |
r-release-linux-x86_64 | 0.0.2 | 2.69 | 27.03 | 29.72 | OK | --no-vignettes |
r-release-macos-arm64 | 0.0.2 | 229.00 | OK | |||
r-release-macos-x86_64 | 0.0.2 | 463.00 | OK | |||
r-release-windows-x86_64 | 0.0.2 | 4.00 | 710.00 | 714.00 | NOTE | |
r-oldrel-macos-arm64 | 0.0.2 | 206.00 | OK | |||
r-oldrel-macos-x86_64 | 0.0.2 | 288.00 | OK | |||
r-oldrel-windows-x86_64 | 0.0.2 | 4.00 | 700.00 | 704.00 | NOTE |
Version: 0.0.2
Flags: --no-vignettes
Check: Rd files
Result: NOTE
checkRd: (-1) calc_p.Rd:12: Lost braces; missing escapes or markup?
12 | \item{estimator}{string indicating how the parameters $p_{11}$, $p_{01}$,
| ^
checkRd: (-1) calc_p.Rd:12: Lost braces; missing escapes or markup?
12 | \item{estimator}{string indicating how the parameters $p_{11}$, $p_{01}$,
| ^
checkRd: (-1) calc_p.Rd:13: Lost braces; missing escapes or markup?
13 | $p_{10}$, $p_{00}$ are to be estimated. The default is 'values', which
| ^
checkRd: (-1) calc_p.Rd:13: Lost braces; missing escapes or markup?
13 | $p_{10}$, $p_{00}$ are to be estimated. The default is 'values', which
| ^
checkRd: (-1) no_null.Rd:15: Lost braces; missing escapes or markup?
15 | \item{estimator}{string indicating how the parameters $p_{11}$, $p_{01}$,
| ^
checkRd: (-1) no_null.Rd:15: Lost braces; missing escapes or markup?
15 | \item{estimator}{string indicating how the parameters $p_{11}$, $p_{01}$,
| ^
checkRd: (-1) no_null.Rd:16: Lost braces; missing escapes or markup?
16 | $p_{10}$, $p_{00}$ are to be estimated. The default is 'values', which
| ^
checkRd: (-1) no_null.Rd:16: Lost braces; missing escapes or markup?
16 | $p_{10}$, $p_{00}$ are to be estimated. The default is 'values', which
| ^
checkRd: (-1) tau_p.Rd:13: Lost braces; missing escapes or markup?
13 | \item{estimator}{string indicating how the parameters $p_{11}$, $p_{01}$,
| ^
checkRd: (-1) tau_p.Rd:13: Lost braces; missing escapes or markup?
13 | \item{estimator}{string indicating how the parameters $p_{11}$, $p_{01}$,
| ^
checkRd: (-1) tau_p.Rd:14: Lost braces; missing escapes or markup?
14 | $p_{10}$ are to be estimated. The default is 'values', which indicates that
| ^
Flavors: r-devel-linux-x86_64-debian-clang, r-devel-linux-x86_64-debian-gcc
Version: 0.0.2
Check: package dependencies
Result: NOTE
Package suggested but not available for checking: 'doMC'
Flavors: r-devel-windows-x86_64, r-release-windows-x86_64, r-oldrel-windows-x86_64