CRAN Package Check Results for Package mboost

Last updated on 2021-11-30 08:51:01 CET.

Flavor Version Tinstall Tcheck Ttotal Status Flags
r-devel-linux-x86_64-debian-clang 2.9-5 20.41 360.90 381.31 OK
r-devel-linux-x86_64-debian-gcc 2.9-5 14.73 266.88 281.61 OK
r-devel-linux-x86_64-fedora-clang 2.9-5 459.36 OK
r-devel-linux-x86_64-fedora-gcc 2.9-5 452.66 OK
r-devel-windows-x86_64-new-UL 2.9-5 37.00 268.00 305.00 OK --no-vignettes
r-devel-windows-x86_64-new-TK 2.9-5 OK
r-devel-windows-x86_64-old 2.9-5 29.00 158.00 187.00 OK --no-vignettes
r-patched-linux-x86_64 2.9-5 19.90 349.41 369.31 OK
r-patched-solaris-x86 2.9-5 643.20 OK
r-release-linux-x86_64 2.9-5 20.04 351.77 371.81 OK
r-release-macos-arm64 2.9-5 NOTE
r-release-macos-x86_64 2.9-5 NOTE
r-release-windows-ix86+x86_64 2.9-5 35.00 203.00 238.00 OK --no-vignettes
r-oldrel-macos-x86_64 2.9-5 NOTE
r-oldrel-windows-ix86+x86_64 2.9-5 27.00 315.00 342.00 OK --no-vignettes

Check Details

Version: 2.9-5
Check: package dependencies
Result: NOTE
    Package suggested but not available for checking: ‘kangar00’
Flavors: r-release-macos-arm64, r-release-macos-x86_64, r-oldrel-macos-x86_64

Version: 2.9-5
Check: Rd cross-references
Result: NOTE
    Package unavailable to check Rd xrefs: ‘kangar00’
Flavors: r-release-macos-arm64, r-release-macos-x86_64, r-oldrel-macos-x86_64