Last updated on 2024-08-13 17:48:18 CEST.
Flavor | Version | Tinstall | Tcheck | Ttotal | Status | Flags |
---|---|---|---|---|---|---|
r-devel-linux-x86_64-debian-clang | 0.0.1 | 9.43 | 85.59 | 95.02 | OK | |
r-devel-linux-x86_64-debian-gcc | 0.0.1 | 6.77 | 63.54 | 70.31 | OK | |
r-devel-linux-x86_64-fedora-clang | 0.0.1 | 149.89 | NOTE | |||
r-devel-linux-x86_64-fedora-gcc | 0.0.1 | 154.12 | NOTE | |||
r-devel-windows-x86_64 | 0.0.1 | 10.00 | 94.00 | 104.00 | OK | |
r-patched-linux-x86_64 | 0.0.1 | 9.05 | 80.15 | 89.20 | OK | |
r-release-linux-x86_64 | 0.0.1 | 8.69 | 81.03 | 89.72 | OK | |
r-release-macos-arm64 | 0.0.1 | 49.00 | OK | |||
r-release-macos-x86_64 | 0.0.1 | 77.00 | OK | |||
r-release-windows-x86_64 | 0.0.1 | 10.00 | 94.00 | 104.00 | OK | |
r-oldrel-macos-arm64 | 0.0.1 | 55.00 | OK | |||
r-oldrel-macos-x86_64 | 0.0.1 | 90.00 | OK | |||
r-oldrel-windows-x86_64 | 0.0.1 | 13.00 | 113.00 | 126.00 | OK |
Version: 0.0.1
Check: dependencies in R code
Result: NOTE
Namespace in Imports field not imported from: ‘MASS’
All declared Imports should be used.
Flavors: r-devel-linux-x86_64-fedora-clang, r-devel-linux-x86_64-fedora-gcc