CRAN Package Check Results for Package mcStats

Last updated on 2021-10-26 09:09:30 CEST.

Flavor Version Tinstall Tcheck Ttotal Status Flags
r-devel-linux-x86_64-debian-clang 0.1.2 5.62 64.47 70.09 NOTE
r-devel-linux-x86_64-debian-gcc 0.1.2 3.93 46.68 50.61 NOTE
r-devel-linux-x86_64-fedora-clang 0.1.2 90.59 NOTE
r-devel-linux-x86_64-fedora-gcc 0.1.2 78.26 NOTE
r-devel-windows-x86_64 0.1.2 11.00 87.00 98.00 NOTE
r-devel-windows-x86_64-gcc10-UCRT 0.1.2 NOTE
r-patched-linux-x86_64 0.1.2 5.95 58.45 64.40 NOTE
r-patched-solaris-x86 0.1.2 115.70 NOTE
r-release-linux-x86_64 0.1.2 5.13 58.51 63.64 NOTE
r-release-macos-arm64 0.1.2 NOTE
r-release-macos-x86_64 0.1.2 NOTE
r-release-windows-ix86+x86_64 0.1.2 11.00 85.00 96.00 NOTE
r-oldrel-macos-x86_64 0.1.2 OK
r-oldrel-windows-ix86+x86_64 0.1.2 14.00 90.00 104.00 OK

Check Details

Version: 0.1.2
Check: LazyData
Result: NOTE
     'LazyData' is specified without a 'data' directory
Flavors: r-devel-linux-x86_64-debian-clang, r-devel-linux-x86_64-debian-gcc, r-devel-linux-x86_64-fedora-clang, r-devel-linux-x86_64-fedora-gcc, r-devel-windows-x86_64, r-devel-windows-x86_64-gcc10-UCRT, r-patched-linux-x86_64, r-patched-solaris-x86, r-release-linux-x86_64, r-release-macos-arm64, r-release-macos-x86_64, r-release-windows-ix86+x86_64