Last updated on 2024-03-29 15:54:42 CET.
Flavor | Version | Tinstall | Tcheck | Ttotal | Status | Flags |
---|---|---|---|---|---|---|
r-devel-linux-x86_64-debian-clang | 0.1.15 | 12.68 | 130.53 | 143.21 | OK | |
r-devel-linux-x86_64-debian-gcc | 0.1.15 | 8.46 | 95.35 | 103.81 | OK | |
r-devel-linux-x86_64-fedora-clang | 0.1.15 | 173.16 | NOTE | |||
r-devel-linux-x86_64-fedora-gcc | 0.1.15 | 169.67 | NOTE | |||
r-devel-windows-x86_64 | 0.1.15 | 10.00 | 102.00 | 112.00 | OK | |
r-patched-linux-x86_64 | 0.1.15 | 10.22 | 124.36 | 134.58 | OK | |
r-release-linux-x86_64 | 0.1.15 | 10.46 | 126.89 | 137.35 | OK | |
r-release-macos-arm64 | 0.1.15 | 53.00 | OK | |||
r-release-macos-x86_64 | 0.1.15 | 101.00 | OK | |||
r-release-windows-x86_64 | 0.1.15 | 13.00 | 127.00 | 140.00 | OK | |
r-oldrel-macos-arm64 | 0.1.15 | 50.00 | NOTE | |||
r-oldrel-windows-x86_64 | 0.1.15 | 16.00 | 137.00 | 153.00 | OK |
Version: 0.1.15
Check: dependencies in R code
Result: NOTE
Namespaces in Imports field not imported from:
‘MASS’ ‘lars’ ‘methods’ ‘parallel’ ‘smoothmest’
All declared Imports should be used.
Flavors: r-devel-linux-x86_64-fedora-clang, r-devel-linux-x86_64-fedora-gcc, r-oldrel-macos-arm64