Last updated on 2023-06-10 00:54:50 CEST.
Flavor | Version | Tinstall | Tcheck | Ttotal | Status | Flags |
---|---|---|---|---|---|---|
r-devel-linux-x86_64-debian-clang | 0.7.0 | 17.79 | 149.52 | 167.31 | NOTE | |
r-devel-linux-x86_64-debian-gcc | 0.7.0 | 11.91 | 113.60 | 125.51 | NOTE | |
r-devel-linux-x86_64-fedora-clang | 0.7.0 | 208.05 | NOTE | |||
r-devel-linux-x86_64-fedora-gcc | 0.7.0 | 196.10 | NOTE | |||
r-devel-windows-x86_64 | 0.7.0 | 16.00 | 120.00 | 136.00 | NOTE | |
r-patched-linux-x86_64 | 0.7.0 | 16.32 | 139.96 | 156.28 | NOTE | |
r-release-linux-x86_64 | 0.7.0 | 11.66 | 137.60 | 149.26 | NOTE | |
r-release-macos-arm64 | 0.7.0 | 53.00 | NOTE | |||
r-release-macos-x86_64 | 0.7.0 | 93.00 | NOTE | |||
r-release-windows-x86_64 | 0.7.0 | 21.00 | 146.00 | 167.00 | NOTE | |
r-oldrel-macos-arm64 | 0.7.0 | 52.00 | NOTE | |||
r-oldrel-macos-x86_64 | 0.7.0 | 89.00 | NOTE | |||
r-oldrel-windows-x86_64 | 0.7.0 | 22.00 | 143.00 | 165.00 | NOTE |
Version: 0.7.0
Check: LazyData
Result: NOTE
'LazyData' is specified without a 'data' directory
Flavors: r-devel-linux-x86_64-debian-clang, r-devel-linux-x86_64-debian-gcc, r-devel-linux-x86_64-fedora-clang, r-devel-linux-x86_64-fedora-gcc, r-devel-windows-x86_64, r-patched-linux-x86_64, r-release-linux-x86_64, r-release-macos-arm64, r-release-macos-x86_64, r-release-windows-x86_64, r-oldrel-macos-arm64, r-oldrel-macos-x86_64, r-oldrel-windows-x86_64