Last updated on 2023-06-04 08:57:14 CEST.
Flavor | Version | Tinstall | Tcheck | Ttotal | Status | Flags |
---|---|---|---|---|---|---|
r-devel-linux-x86_64-debian-clang | 6.0.0 | 46.69 | 254.13 | 300.82 | OK | |
r-devel-linux-x86_64-debian-gcc | 6.0.0 | 32.27 | 179.94 | 212.21 | OK | |
r-devel-linux-x86_64-fedora-clang | 6.0.0 | 368.10 | NOTE | |||
r-devel-linux-x86_64-fedora-gcc | 6.0.0 | 369.41 | OK | |||
r-devel-windows-x86_64 | 6.0.0 | 33.00 | 255.00 | 288.00 | NOTE | |
r-patched-linux-x86_64 | 6.0.0 | 41.50 | 242.50 | 284.00 | OK | |
r-release-linux-x86_64 | 6.0.0 | 40.73 | 242.42 | 283.15 | OK | |
r-release-macos-arm64 | 6.0.0 | 108.00 | NOTE | |||
r-release-macos-x86_64 | 6.0.0 | 182.00 | NOTE | |||
r-release-windows-x86_64 | 6.0.0 | 35.00 | 306.00 | 341.00 | NOTE | |
r-oldrel-macos-arm64 | 6.0.0 | 101.00 | NOTE | |||
r-oldrel-macos-x86_64 | 6.0.0 | 157.00 | NOTE | |||
r-oldrel-windows-x86_64 | 6.0.0 | 46.00 | 296.00 | 342.00 | NOTE |
Version: 6.0.0
Check: installed package size
Result: NOTE
installed size is 5.1Mb
sub-directories of 1Mb or more:
doc 2.9Mb
Flavors: r-devel-linux-x86_64-fedora-clang, r-devel-windows-x86_64, r-release-macos-arm64, r-release-macos-x86_64, r-release-windows-x86_64, r-oldrel-macos-arm64, r-oldrel-macos-x86_64, r-oldrel-windows-x86_64
Version: 6.0.0
Check: package dependencies
Result: NOTE
Package suggested but not available for checking: ‘mix’
Flavor: r-release-macos-x86_64