CRAN Package Check Results for Package mclust

Last updated on 2023-11-30 16:49:28 CET.

Flavor Version Tinstall Tcheck Ttotal Status Flags
r-devel-linux-x86_64-debian-clang 6.0.1 48.91 284.35 333.26 OK
r-devel-linux-x86_64-debian-gcc 6.0.1 31.78 178.68 210.46 OK
r-devel-linux-x86_64-fedora-clang 6.0.1 414.84 NOTE
r-devel-linux-x86_64-fedora-gcc 6.0.1 372.99 OK
r-devel-windows-x86_64 6.0.1 34.00 257.00 291.00 NOTE
r-patched-linux-x86_64 6.0.1 47.48 244.06 291.54 OK
r-release-linux-x86_64 6.0.1 39.48 238.57 278.05 OK
r-release-macos-arm64 6.0.1 291.00 NOTE
r-release-macos-x86_64 6.0.1 431.00 NOTE
r-release-windows-x86_64 6.0.1 36.00 300.00 336.00 NOTE
r-oldrel-macos-arm64 6.0.1 140.00 NOTE
r-oldrel-macos-x86_64 6.0.0 157.00 NOTE
r-oldrel-windows-x86_64 6.0.1 49.00 292.00 341.00 NOTE

Check Details

Version: 6.0.1
Check: installed package size
Result: NOTE installed size is 5.3Mb sub-directories of 1Mb or more: doc 2.9Mb Flavors: r-devel-linux-x86_64-fedora-clang, r-devel-windows-x86_64, r-release-macos-arm64, r-release-macos-x86_64, r-release-windows-x86_64, r-oldrel-macos-arm64, r-oldrel-windows-x86_64

Version: 6.0.0
Check: installed package size
Result: NOTE installed size is 5.5Mb sub-directories of 1Mb or more: doc 2.9Mb Flavor: r-oldrel-macos-x86_64