Last updated on 2023-12-06 00:58:18 CET.
Flavor | Version | Tinstall | Tcheck | Ttotal | Status | Flags |
---|---|---|---|---|---|---|
r-devel-linux-x86_64-debian-clang | 1.5-0 | 141.38 | 59.23 | 200.61 | NOTE | |
r-devel-linux-x86_64-debian-gcc | 1.5-0 | 100.48 | 45.16 | 145.64 | NOTE | |
r-devel-linux-x86_64-fedora-clang | 1.5-0 | 315.57 | NOTE | |||
r-devel-linux-x86_64-fedora-gcc | 1.5-0 | 315.94 | NOTE | |||
r-devel-windows-x86_64 | 1.5-0 | 114.00 | 95.00 | 209.00 | NOTE | |
r-patched-linux-x86_64 | 1.5-0 | 99.21 | 56.87 | 156.08 | NOTE | |
r-release-linux-x86_64 | 1.5-0 | 92.96 | 56.65 | 149.61 | NOTE | |
r-release-macos-arm64 | 1.5-0 | 76.00 | NOTE | |||
r-release-macos-x86_64 | 1.5-0 | 122.00 | NOTE | |||
r-release-windows-x86_64 | 1.5-0 | 146.00 | 108.00 | 254.00 | NOTE | |
r-oldrel-macos-arm64 | 1.5-0 | 68.00 | OK | |||
r-oldrel-macos-x86_64 | 1.5-0 | 125.00 | OK | |||
r-oldrel-windows-x86_64 | 1.5-0 | 143.00 | 99.00 | 242.00 | OK |
Version: 1.5-0
Check: C++ specification
Result: NOTE
Specified C++11: please drop specification unless essential
Flavors: r-devel-linux-x86_64-debian-clang, r-devel-linux-x86_64-debian-gcc, r-devel-linux-x86_64-fedora-clang, r-devel-linux-x86_64-fedora-gcc, r-devel-windows-x86_64, r-patched-linux-x86_64, r-release-linux-x86_64, r-release-macos-arm64, r-release-macos-x86_64, r-release-windows-x86_64
Version: 1.5-0
Check: Rd files
Result: NOTE
checkRd: (-1) ess.Rd:14: Lost braces
14 | \code{g} should take a vector input only. Ifcode{g} is \code{NULL}, \code{g} is set to be identity, which is estimation
| ^
Flavors: r-devel-linux-x86_64-debian-clang, r-devel-linux-x86_64-debian-gcc