Last updated on 2023-06-10 00:54:50 CEST.
Flavor | Version | Tinstall | Tcheck | Ttotal | Status | Flags |
---|---|---|---|---|---|---|
r-devel-linux-x86_64-debian-clang | 0.1.7 | 160.67 | 92.52 | 253.19 | OK | |
r-devel-linux-x86_64-debian-gcc | 0.1.7 | 120.47 | 64.63 | 185.10 | OK | |
r-devel-linux-x86_64-fedora-clang | 0.1.7 | 351.24 | OK | |||
r-devel-linux-x86_64-fedora-gcc | 0.1.7 | 360.37 | OK | |||
r-devel-windows-x86_64 | 0.1.7 | 118.00 | 120.00 | 238.00 | OK | |
r-patched-linux-x86_64 | 0.1.7 | 123.98 | 86.84 | 210.82 | OK | |
r-release-linux-x86_64 | 0.1.7 | 115.30 | 89.90 | 205.20 | OK | |
r-release-macos-arm64 | 0.1.7 | 90.00 | NOTE | |||
r-release-macos-x86_64 | 0.1.6 | 137.00 | NOTE | |||
r-release-windows-x86_64 | 0.1.7 | 160.00 | 139.00 | 299.00 | OK | |
r-oldrel-macos-arm64 | 0.1.7 | 77.00 | NOTE | |||
r-oldrel-macos-x86_64 | 0.1.7 | 109.00 | NOTE | |||
r-oldrel-windows-x86_64 | 0.1.7 | 145.00 | 131.00 | 276.00 | OK |
Version: 0.1.7
Check: installed package size
Result: NOTE
installed size is 11.3Mb
sub-directories of 1Mb or more:
libs 10.9Mb
Flavors: r-release-macos-arm64, r-oldrel-macos-arm64, r-oldrel-macos-x86_64
Version: 0.1.6
Check: C++ specification
Result: NOTE
Specified C++14: please drop specification unless essential
Flavor: r-release-macos-x86_64
Version: 0.1.6
Check: installed package size
Result: NOTE
installed size is 10.6Mb
sub-directories of 1Mb or more:
libs 10.2Mb
Flavor: r-release-macos-x86_64