Last updated on 2024-04-20 08:51:00 CEST.
Flavor | Version | Tinstall | Tcheck | Ttotal | Status | Flags |
---|---|---|---|---|---|---|
r-devel-linux-x86_64-debian-clang | 0.1.7 | 149.14 | 87.76 | 236.90 | NOTE | |
r-devel-linux-x86_64-debian-gcc | 0.1.7 | 123.50 | 63.96 | 187.46 | NOTE | |
r-devel-linux-x86_64-fedora-clang | 0.1.7 | 354.86 | NOTE | |||
r-devel-linux-x86_64-fedora-gcc | 0.1.7 | 361.26 | NOTE | |||
r-prerel-macos-arm64 | 0.1.7 | 80.00 | NOTE | |||
r-prerel-windows-x86_64 | 0.1.7 | 127.00 | 116.00 | 243.00 | NOTE | |
r-patched-linux-x86_64 | 0.1.7 | 112.34 | 87.67 | 200.01 | NOTE | |
r-release-linux-x86_64 | 0.1.7 | 118.86 | 90.28 | 209.14 | OK | |
r-release-macos-arm64 | 0.1.7 | 90.00 | NOTE | |||
r-release-macos-x86_64 | 0.1.7 | 127.00 | NOTE | |||
r-release-windows-x86_64 | 0.1.7 | 155.00 | 136.00 | 291.00 | OK | |
r-oldrel-macos-arm64 | 0.1.7 | 77.00 | NOTE | |||
r-oldrel-windows-x86_64 | 0.1.7 | 152.00 | 138.00 | 290.00 | OK |
Version: 0.1.7
Check: Rd files
Result: NOTE
checkRd: (-1) get_mdgc.Rd:34: Lost braces in \itemize; meant \describe ?
checkRd: (-1) get_mdgc.Rd:35: Lost braces in \itemize; meant \describe ?
checkRd: (-1) get_mdgc.Rd:36: Lost braces in \itemize; meant \describe ?
checkRd: (-1) get_mdgc.Rd:37: Lost braces in \itemize; meant \describe ?
Flavors: r-devel-linux-x86_64-debian-clang, r-devel-linux-x86_64-debian-gcc, r-devel-linux-x86_64-fedora-clang, r-devel-linux-x86_64-fedora-gcc, r-prerel-macos-arm64, r-prerel-windows-x86_64, r-patched-linux-x86_64
Version: 0.1.7
Check: installed package size
Result: NOTE
installed size is 10.7Mb
sub-directories of 1Mb or more:
libs 10.3Mb
Flavors: r-prerel-macos-arm64, r-release-macos-arm64, r-release-macos-x86_64, r-oldrel-macos-arm64