Last updated on 2024-03-29 15:54:42 CET.
Flavor | Version | Tinstall | Tcheck | Ttotal | Status | Flags |
---|---|---|---|---|---|---|
r-devel-linux-x86_64-debian-clang | 0.4.1 | 21.33 | 124.21 | 145.54 | OK | |
r-devel-linux-x86_64-debian-gcc | 0.4.1 | 19.91 | 95.94 | 115.85 | OK | |
r-devel-linux-x86_64-fedora-clang | 0.4.1 | 196.52 | OK | |||
r-devel-linux-x86_64-fedora-gcc | 0.4.1 | 188.81 | OK | |||
r-devel-windows-x86_64 | 0.4.1 | 20.00 | 105.00 | 125.00 | OK | |
r-patched-linux-x86_64 | 0.4.1 | 25.38 | 120.56 | 145.94 | OK | |
r-release-linux-x86_64 | 0.4.1 | 19.70 | 124.48 | 144.18 | OK | |
r-release-macos-arm64 | 0.4.1 | 48.00 | NOTE | |||
r-release-macos-x86_64 | 0.4.1 | 98.00 | NOTE | |||
r-release-windows-x86_64 | 0.4.1 | 27.00 | 132.00 | 159.00 | OK | |
r-oldrel-macos-arm64 | 0.4.1 | 51.00 | OK | |||
r-oldrel-windows-x86_64 | 0.4.1 | 29.00 | 134.00 | 163.00 | OK |
Version: 0.4.1
Check: package dependencies
Result: NOTE
Package suggested but not available for checking: ‘file2meco’
Flavors: r-release-macos-arm64, r-release-macos-x86_64