Last updated on 2024-03-28 23:55:11 CET.
Flavor | Version | Tinstall | Tcheck | Ttotal | Status | Flags |
---|---|---|---|---|---|---|
r-devel-linux-x86_64-debian-clang | 0.4.1 | 6.49 | 222.24 | 228.73 | NOTE | |
r-devel-linux-x86_64-debian-gcc | 0.4.1 | 5.35 | 174.42 | 179.77 | NOTE | |
r-devel-linux-x86_64-fedora-clang | 0.4.1 | 280.18 | NOTE | |||
r-devel-linux-x86_64-fedora-gcc | 0.4.1 | 286.79 | NOTE | |||
r-devel-windows-x86_64 | 0.4.1 | 8.00 | 252.00 | 260.00 | NOTE | |
r-patched-linux-x86_64 | 0.4.1 | 6.31 | 223.25 | 229.56 | NOTE | |
r-release-linux-x86_64 | 0.4.1 | 7.59 | 216.41 | 224.00 | OK | |
r-release-macos-arm64 | 0.4.1 | 129.00 | OK | |||
r-release-macos-x86_64 | 0.4.1 | 221.00 | OK | |||
r-release-windows-x86_64 | 0.4.1 | 10.00 | 272.00 | 282.00 | OK | |
r-oldrel-macos-arm64 | 0.4.1 | 99.00 | OK | |||
r-oldrel-windows-x86_64 | 0.4.1 | 10.00 | 273.00 | 283.00 | OK |
Version: 0.4.1
Check: Rd files
Result: NOTE
checkRd: (-1) strings-internal.Rd:14: Lost braces
14 | code{stringPlaceExact}: find location of string, using exact match
| ^
checkRd: (-1) strings-internal.Rd:17: Lost braces
17 | code{stringPlaceFuzzy}: find location of string, using partial match
| ^
checkRd: (-1) strings-internal.Rd:19: Lost braces
19 | code{stringPlace}: find location of string, generic
| ^
checkRd: (-1) strings-internal.Rd:21: Lost braces
21 | code{checkFuzzy}: check for "close" string matches
| ^
Flavors: r-devel-linux-x86_64-debian-clang, r-devel-linux-x86_64-debian-gcc, r-devel-linux-x86_64-fedora-clang, r-devel-linux-x86_64-fedora-gcc, r-devel-windows-x86_64, r-patched-linux-x86_64