Last updated on 2023-12-08 00:52:00 CET.
Flavor | Version | Tinstall | Tcheck | Ttotal | Status | Flags |
---|---|---|---|---|---|---|
r-devel-linux-x86_64-debian-clang | 3.2.0 | 517.49 | 291.42 | 808.91 | OK | |
r-devel-linux-x86_64-debian-gcc | 3.2.0 | 380.53 | 209.63 | 590.16 | OK | |
r-devel-linux-x86_64-fedora-clang | 3.2.0 | 1045.64 | NOTE | |||
r-devel-linux-x86_64-fedora-gcc | 3.2.0 | 1201.70 | OK | |||
r-devel-windows-x86_64 | 3.2.0 | 332.00 | 264.00 | 596.00 | OK | |
r-patched-linux-x86_64 | 3.2.0 | 315.81 | 276.69 | 592.50 | OK | |
r-release-linux-x86_64 | 3.2.0 | 325.92 | 276.36 | 602.28 | OK | |
r-release-macos-arm64 | 3.2.0 | 202.00 | NOTE | |||
r-release-macos-x86_64 | 3.2.0 | 332.00 | NOTE | |||
r-release-windows-x86_64 | 3.2.0 | 444.00 | 340.00 | 784.00 | OK | |
r-oldrel-macos-arm64 | 3.2.0 | 196.00 | NOTE | |||
r-oldrel-macos-x86_64 | 3.1.4 | 303.00 | NOTE | |||
r-oldrel-windows-x86_64 | 3.2.0 | 239.00 | 298.00 | 537.00 | OK |
Version: 3.2.0
Check: installed package size
Result: NOTE
installed size is 5.3Mb
sub-directories of 1Mb or more:
libs 4.1Mb
Flavors: r-devel-linux-x86_64-fedora-clang, r-release-macos-arm64, r-release-macos-x86_64, r-oldrel-macos-arm64
Version: 3.1.4
Check: installed package size
Result: NOTE
installed size is 41.9Mb
sub-directories of 1Mb or more:
libs 40.8Mb
Flavor: r-oldrel-macos-x86_64