CRAN Package Check Results for Package medicare

Last updated on 2023-12-11 00:49:11 CET.

Flavor Version Tinstall Tcheck Ttotal Status Flags
r-devel-linux-x86_64-debian-clang 0.2.1 5.38 40.49 45.87 NOTE
r-devel-linux-x86_64-debian-gcc 0.2.1 4.44 31.84 36.28 NOTE
r-devel-linux-x86_64-fedora-clang 0.2.1 61.47 OK
r-devel-linux-x86_64-fedora-gcc 0.2.1 67.55 OK
r-devel-windows-x86_64 0.2.1 6.00 57.00 63.00 OK
r-patched-linux-x86_64 0.2.1 5.52 39.58 45.10 OK
r-release-linux-x86_64 0.2.1 5.18 40.44 45.62 OK
r-release-macos-arm64 0.2.1 31.00 OK
r-release-macos-x86_64 0.2.1 49.00 OK
r-release-windows-x86_64 0.2.1 6.00 58.00 64.00 OK
r-oldrel-macos-arm64 0.2.1 29.00 OK
r-oldrel-macos-x86_64 0.2.1 33.00 OK
r-oldrel-windows-x86_64 0.2.1 9.00 61.00 70.00 OK

Check Details

Version: 0.2.1
Check: Rd files
Result: NOTE checkRd: (-1) hospiceALPHA.Rd:9: Lost braces in \itemize; meant \describe ? checkRd: (-1) hospiceALPHA.Rd:10: Lost braces in \itemize; meant \describe ? checkRd: (-1) hospiceALPHA.Rd:11: Lost braces in \itemize; meant \describe ? checkRd: (-1) hospiceALPHA.Rd:12: Lost braces in \itemize; meant \describe ? checkRd: (-1) hospiceALPHA.Rd:13: Lost braces in \itemize; meant \describe ? checkRd: (-1) hospiceNMRC.Rd:9: Lost braces in \itemize; meant \describe ? checkRd: (-1) hospiceNMRC.Rd:10: Lost braces in \itemize; meant \describe ? checkRd: (-1) hospiceNMRC.Rd:11: Lost braces in \itemize; meant \describe ? checkRd: (-1) hospiceNMRC.Rd:12: Lost braces in \itemize; meant \describe ? checkRd: (-1) hospiceNMRC.Rd:13: Lost braces in \itemize; meant \describe ? checkRd: (-1) hospiceRPT.Rd:9: Lost braces in \itemize; meant \describe ? checkRd: (-1) hospiceRPT.Rd:10: Lost braces in \itemize; meant \describe ? checkRd: (-1) hospiceRPT.Rd:11: Lost braces in \itemize; meant \describe ? checkRd: (-1) hospiceRPT.Rd:12: Lost braces in \itemize; meant \describe ? checkRd: (-1) hospiceRPT.Rd:13: Lost braces in \itemize; meant \describe ? checkRd: (-1) hospiceRPT.Rd:14: Lost braces in \itemize; meant \describe ? checkRd: (-1) hospiceRPT.Rd:15: Lost braces in \itemize; meant \describe ? checkRd: (-1) hospiceRPT.Rd:16: Lost braces in \itemize; meant \describe ? checkRd: (-1) hospiceRPT.Rd:17: Lost braces in \itemize; meant \describe ? checkRd: (-1) hospiceRPT.Rd:18: Lost braces in \itemize; meant \describe ? checkRd: (-1) hospiceRPT.Rd:19: Lost braces in \itemize; meant \describe ? checkRd: (-1) hospiceRPT.Rd:20: Lost braces in \itemize; meant \describe ? checkRd: (-1) hospiceRPT.Rd:21: Lost braces in \itemize; meant \describe ? checkRd: (-1) hospiceRPT.Rd:22: Lost braces in \itemize; meant \describe ? checkRd: (-1) hospiceRPT.Rd:23: Lost braces in \itemize; meant \describe ? checkRd: (-1) hospiceRPT.Rd:24: Lost braces in \itemize; meant \describe ? checkRd: (-1) hospiceRPT.Rd:25: Lost braces in \itemize; meant \describe ? checkRd: (-1) hospiceRPT.Rd:26: Lost braces in \itemize; meant \describe ? Flavors: r-devel-linux-x86_64-debian-clang, r-devel-linux-x86_64-debian-gcc