Last updated on 2024-03-28 23:55:11 CET.
Flavor | Version | Tinstall | Tcheck | Ttotal | Status | Flags |
---|---|---|---|---|---|---|
r-devel-linux-x86_64-debian-clang | 0.0.5 | 4.67 | 75.88 | 80.55 | NOTE | |
r-devel-linux-x86_64-debian-gcc | 0.0.5 | 4.23 | 56.39 | 60.62 | NOTE | |
r-devel-linux-x86_64-fedora-clang | 0.0.5 | 103.00 | NOTE | |||
r-devel-linux-x86_64-fedora-gcc | 0.0.5 | 109.09 | NOTE | |||
r-devel-windows-x86_64 | 0.0.5 | 6.00 | 85.00 | 91.00 | NOTE | |
r-patched-linux-x86_64 | 0.0.5 | 5.85 | 71.08 | 76.93 | NOTE | |
r-release-linux-x86_64 | 0.0.5 | 4.79 | 69.82 | 74.61 | NOTE | |
r-release-macos-arm64 | 0.0.5 | 64.00 | NOTE | |||
r-release-macos-x86_64 | 0.0.5 | 81.00 | NOTE | |||
r-release-windows-x86_64 | 0.0.5 | 7.00 | 96.00 | 103.00 | NOTE | |
r-oldrel-macos-arm64 | 0.0.5 | 90.00 | NOTE | |||
r-oldrel-windows-x86_64 | 0.0.5 | 8.00 | 107.00 | 115.00 | NOTE |
Version: 0.0.5
Check: LazyData
Result: NOTE
'LazyData' is specified without a 'data' directory
Flavors: r-devel-linux-x86_64-debian-clang, r-devel-linux-x86_64-debian-gcc, r-devel-linux-x86_64-fedora-clang, r-devel-linux-x86_64-fedora-gcc, r-devel-windows-x86_64, r-patched-linux-x86_64, r-release-linux-x86_64, r-release-macos-arm64, r-release-macos-x86_64, r-release-windows-x86_64, r-oldrel-macos-arm64, r-oldrel-windows-x86_64
Version: 0.0.5
Check: dependencies in R code
Result: NOTE
Namespace in Imports field not imported from: ‘vroom’
All declared Imports should be used.
Flavors: r-devel-linux-x86_64-fedora-clang, r-devel-linux-x86_64-fedora-gcc, r-oldrel-macos-arm64