Last updated on 2024-04-20 08:51:00 CEST.
Flavor | Version | Tinstall | Tcheck | Ttotal | Status | Flags |
---|---|---|---|---|---|---|
r-devel-linux-x86_64-debian-clang | 1.0.2 | 44.61 | 382.58 | 427.19 | NOTE | |
r-devel-linux-x86_64-debian-gcc | 1.0.2 | 32.83 | 273.84 | 306.67 | NOTE | |
r-devel-linux-x86_64-fedora-clang | 1.0.2 | 553.81 | NOTE | |||
r-devel-linux-x86_64-fedora-gcc | 1.0.2 | 536.82 | NOTE | |||
r-prerel-macos-arm64 | 1.0.2 | 120.00 | NOTE | |||
r-prerel-windows-x86_64 | 1.0.2 | 30.00 | 246.00 | 276.00 | NOTE | |
r-patched-linux-x86_64 | 1.0.2 | 39.61 | 357.45 | 397.06 | NOTE | |
r-release-linux-x86_64 | 1.0.2 | 38.35 | 364.58 | 402.93 | OK | |
r-release-macos-arm64 | 1.0.2 | 139.00 | OK | |||
r-release-macos-x86_64 | 1.0.2 | 233.00 | OK | |||
r-release-windows-x86_64 | 1.0.2 | 44.00 | 317.00 | 361.00 | OK | |
r-oldrel-macos-arm64 | 1.0.2 | 103.00 | OK | |||
r-oldrel-windows-x86_64 | 1.0.2 | 41.00 | 323.00 | 364.00 | OK |
Version: 1.0.2
Check: Rd files
Result: NOTE
checkRd: (-1) mgLandscape.Rd:79: Lost braces
79 | A code{$summary} table giving the results of the variation partitioning. The following table
| ^
Flavors: r-devel-linux-x86_64-debian-clang, r-devel-linux-x86_64-debian-gcc, r-devel-linux-x86_64-fedora-clang, r-devel-linux-x86_64-fedora-gcc, r-prerel-macos-arm64, r-prerel-windows-x86_64, r-patched-linux-x86_64