CRAN Package Check Results for Package memisc

Last updated on 2021-10-21 00:49:51 CEST.

Flavor Version Tinstall Tcheck Ttotal Status Flags
r-devel-linux-x86_64-debian-clang 0.99.30.7 35.24 176.63 211.87 OK
r-devel-linux-x86_64-debian-gcc 0.99.30.7 27.03 129.42 156.45 OK
r-devel-linux-x86_64-fedora-clang 0.99.30.7 270.06 NOTE
r-devel-linux-x86_64-fedora-gcc 0.99.30.7 251.70 OK
r-devel-windows-x86_64 0.99.30.7 58.00 220.00 278.00 NOTE
r-devel-windows-x86_64-gcc10-UCRT 0.99.30.7 OK
r-patched-linux-x86_64 0.99.30.7 36.10 172.18 208.28 OK
r-patched-solaris-x86 0.99.30.7 282.30 NOTE
r-release-linux-x86_64 0.99.30.7 31.93 171.16 203.09 OK
r-release-macos-arm64 0.99.27.3 NOTE
r-release-macos-x86_64 0.99.30.7 NOTE
r-release-windows-ix86+x86_64 0.99.30.7 51.00 187.00 238.00 NOTE
r-oldrel-macos-x86_64 0.99.30.7 NOTE
r-oldrel-windows-ix86+x86_64 0.99.30.7 52.00 178.00 230.00 NOTE

Check Details

Version: 0.99.30.7
Check: installed package size
Result: NOTE
     installed size is 5.5Mb
     sub-directories of 1Mb or more:
     R 1.4Mb
     doc 3.1Mb
Flavors: r-devel-linux-x86_64-fedora-clang, r-devel-windows-x86_64, r-patched-solaris-x86, r-release-macos-x86_64, r-release-windows-ix86+x86_64, r-oldrel-macos-x86_64, r-oldrel-windows-ix86+x86_64

Version: 0.99.27.3
Check: installed package size
Result: NOTE
     installed size is 6.2Mb
     sub-directories of 1Mb or more:
     R 2.1Mb
     doc 3.1Mb
Flavor: r-release-macos-arm64