CRAN Package Check Results for Package merTools

Last updated on 2022-09-28 00:52:46 CEST.

Flavor Version Tinstall Tcheck Ttotal Status Flags
r-devel-linux-x86_64-debian-clang 0.5.2 16.30 246.61 262.91 OK
r-devel-linux-x86_64-debian-gcc 0.5.2 13.03 180.94 193.97 OK
r-devel-linux-x86_64-fedora-clang 0.5.2 336.54 OK
r-devel-linux-x86_64-fedora-gcc 0.5.2 329.28 OK
r-devel-windows-x86_64 0.5.2 71.00 227.00 298.00 OK --no-vignettes
r-patched-linux-x86_64 0.5.2 21.36 229.11 250.47 OK
r-release-linux-x86_64 0.5.2 15.83 223.64 239.47 OK
r-release-macos-arm64 0.5.2 79.00 NOTE
r-release-macos-x86_64 0.5.2 139.00 OK
r-release-windows-x86_64 0.5.2 50.00 300.00 350.00 OK --no-vignettes
r-oldrel-macos-arm64 0.5.2 91.00 OK
r-oldrel-macos-x86_64 0.5.2 159.00 OK
r-oldrel-windows-ix86+x86_64 0.5.2 40.00 283.00 323.00 OK --no-vignettes

Check Details

Version: 0.5.2
Check: package dependencies
Result: NOTE
    Package suggested but not available for checking: ‘rstanarm’
Flavor: r-release-macos-arm64