CRAN Package Check Results for Package merTools

Last updated on 2021-09-23 12:57:56 CEST.

Flavor Version Tinstall Tcheck Ttotal Status Flags
r-devel-linux-x86_64-debian-clang 0.5.2 16.45 217.00 233.45 OK
r-devel-linux-x86_64-debian-gcc 0.5.2 12.91 159.81 172.72 OK
r-devel-linux-x86_64-fedora-clang 0.5.2 278.41 OK
r-devel-linux-x86_64-fedora-gcc 0.5.2 266.07 OK
r-devel-windows-x86_64 0.5.2 21.00 197.00 218.00 OK --no-vignettes
r-devel-windows-x86_64-gcc10-UCRT 0.5.2 ERROR
r-patched-linux-x86_64 0.5.2 21.57 203.19 224.76 OK
r-patched-solaris-x86 0.5.2 366.80 OK
r-release-linux-x86_64 0.5.2 14.67 205.32 219.99 OK
r-release-macos-arm64 0.5.2 OK
r-release-macos-x86_64 0.5.2 OK
r-release-windows-ix86+x86_64 0.5.2 38.00 186.00 224.00 OK --no-vignettes
r-oldrel-macos-x86_64 0.5.2 OK
r-oldrel-windows-ix86+x86_64 0.5.2 25.00 182.00 207.00 OK --no-vignettes

Check Details

Version: 0.5.2
Check: package dependencies
Result: ERROR
    Package required but not available: 'arm'
    
    Package suggested but not available for checking: 'rstanarm'
    
    See section 'The DESCRIPTION file' in the 'Writing R Extensions'
    manual.
Flavor: r-devel-windows-x86_64-gcc10-UCRT