Last updated on 2024-03-28 15:49:52 CET.
Flavor | Version | Tinstall | Tcheck | Ttotal | Status | Flags |
---|---|---|---|---|---|---|
r-devel-linux-x86_64-debian-clang | 0.3.5 | 8.54 | 79.97 | 88.51 | NOTE | |
r-devel-linux-x86_64-debian-gcc | 0.3.5 | 6.45 | 60.64 | 67.09 | NOTE | |
r-devel-linux-x86_64-fedora-clang | 0.3.5 | 111.37 | NOTE | |||
r-devel-linux-x86_64-fedora-gcc | 0.3.5 | 118.91 | NOTE | |||
r-devel-windows-x86_64 | 0.3.5 | 8.00 | 83.00 | 91.00 | NOTE | |
r-patched-linux-x86_64 | 0.3.5 | 8.69 | 77.79 | 86.48 | NOTE | |
r-release-linux-x86_64 | 0.3.5 | 8.34 | 73.70 | 82.04 | OK | |
r-release-macos-arm64 | 0.3.5 | 42.00 | OK | |||
r-release-macos-x86_64 | 0.3.5 | 64.00 | OK | |||
r-release-windows-x86_64 | 0.3.5 | 10.00 | 94.00 | 104.00 | OK | |
r-oldrel-macos-arm64 | 0.3.5 | 36.00 | OK | |||
r-oldrel-windows-x86_64 | 0.3.5 | 12.00 | 95.00 | 107.00 | OK |
Version: 0.3.5
Check: Rd files
Result: NOTE
checkRd: (-1) expand.Rd:28: Lost braces; missing escapes or markup?
28 | approximate dates (annotated with '..', '{ , }', 'XX' or '~').
| ^
Flavors: r-devel-linux-x86_64-debian-clang, r-devel-linux-x86_64-debian-gcc, r-devel-linux-x86_64-fedora-clang, r-devel-linux-x86_64-fedora-gcc, r-devel-windows-x86_64, r-patched-linux-x86_64
Version: 0.3.5
Check: data for non-ASCII characters
Result: NOTE
Note: found 1 marked UTF-8 string
Flavors: r-devel-linux-x86_64-fedora-clang, r-devel-linux-x86_64-fedora-gcc