Last updated on 2024-03-28 23:55:11 CET.
Flavor | Version | Tinstall | Tcheck | Ttotal | Status | Flags |
---|---|---|---|---|---|---|
r-devel-linux-x86_64-debian-clang | 0.6.9 | 1083.01 | 330.82 | 1413.83 | OK | |
r-devel-linux-x86_64-debian-gcc | 0.6.9 | 1057.18 | 312.89 | 1370.07 | OK | |
r-devel-linux-x86_64-fedora-clang | 0.6.9 | 1785.27 | NOTE | |||
r-devel-linux-x86_64-fedora-gcc | 0.6.9 | 2457.88 | NOTE | |||
r-devel-windows-x86_64 | 0.6.9 | 871.00 | 320.00 | 1191.00 | NOTE | |
r-patched-linux-x86_64 | 0.6.9 | 905.75 | 419.05 | 1324.80 | OK | |
r-release-linux-x86_64 | 0.6.9 | 910.92 | 415.44 | 1326.36 | OK | |
r-release-macos-arm64 | 0.6.9 | 610.00 | NOTE | |||
r-release-macos-x86_64 | 0.6.9 | 822.00 | NOTE | |||
r-release-windows-x86_64 | 0.6.9 | 1122.00 | 408.00 | 1530.00 | NOTE | |
r-oldrel-macos-arm64 | 0.6.9 | 423.00 | NOTE | |||
r-oldrel-windows-x86_64 | 0.6.9 | 1092.00 | 371.00 | 1463.00 | NOTE |
Version: 0.6.9
Check: installed package size
Result: NOTE
installed size is 9.8Mb
sub-directories of 1Mb or more:
libs 9.0Mb
Flavors: r-devel-linux-x86_64-fedora-clang, r-devel-windows-x86_64, r-release-macos-arm64, r-release-macos-x86_64, r-release-windows-x86_64, r-oldrel-macos-arm64, r-oldrel-windows-x86_64
Version: 0.6.9
Check: for GNU extensions in Makefiles
Result: NOTE
GNU make is a SystemRequirements.
Flavors: r-devel-linux-x86_64-fedora-clang, r-devel-linux-x86_64-fedora-gcc, r-release-macos-arm64, r-release-macos-x86_64, r-oldrel-macos-arm64