Last updated on 2024-04-19 01:04:41 CEST.
Flavor | Version | Tinstall | Tcheck | Ttotal | Status | Flags |
---|---|---|---|---|---|---|
r-devel-linux-x86_64-debian-clang | 1.0.3 | 19.87 | 222.74 | 242.61 | OK | |
r-devel-linux-x86_64-debian-gcc | 1.0.3 | 14.43 | 164.95 | 179.38 | OK | |
r-devel-linux-x86_64-fedora-clang | 1.0.3 | 301.36 | NOTE | |||
r-devel-linux-x86_64-fedora-gcc | 1.0.3 | 294.53 | OK | |||
r-prerel-macos-arm64 | 1.0.3 | 98.00 | NOTE | |||
r-prerel-windows-x86_64 | 1.0.3 | 17.00 | 183.00 | 200.00 | NOTE | |
r-patched-linux-x86_64 | 1.0.3 | 20.42 | 207.86 | 228.28 | OK | |
r-release-linux-x86_64 | 1.0.3 | 12.57 | 210.95 | 223.52 | OK | |
r-release-macos-arm64 | 1.0.3 | 169.00 | NOTE | |||
r-release-macos-x86_64 | 1.0.3 | 216.00 | NOTE | |||
r-release-windows-x86_64 | 1.0.3 | 23.00 | 218.00 | 241.00 | NOTE | |
r-oldrel-macos-arm64 | 1.0.3 | 100.00 | NOTE | |||
r-oldrel-windows-x86_64 | 1.0.3 | 23.00 | 247.00 | 270.00 | NOTE |
Version: 1.0.3
Check: installed package size
Result: NOTE
installed size is 5.2Mb
sub-directories of 1Mb or more:
data 4.1Mb
Flavors: r-devel-linux-x86_64-fedora-clang, r-prerel-macos-arm64, r-prerel-windows-x86_64, r-release-macos-arm64, r-release-macos-x86_64, r-release-windows-x86_64, r-oldrel-macos-arm64, r-oldrel-windows-x86_64